{"id":4153,"date":"2026-08-31T22:01:14","date_gmt":"2026-08-31T21:01:14","guid":{"rendered":"https:\/\/historischcafe.nl\/wordpress\/?page_id=4153"},"modified":"2026-08-31T22:01:14","modified_gmt":"2026-08-31T21:01:14","slug":"historisch-cafe-9-september-2026","status":"publish","type":"page","link":"https:\/\/historischcafe.nl\/wordpress\/?page_id=4153","title":{"rendered":"Historisch Caf\u00e9 9 september 2026"},"content":{"rendered":"<h4>Programma Historisch Caf\u00e9<\/h4>\n<h5>20.00 \u2013 De stad in dagboeken. Interview met Laura van Hasselt<\/h5>\n<p><img loading=\"lazy\" decoding=\"async\" class=\"alignleft wp-image-4154\" src=\"https:\/\/historischcafe.nl\/wordpress\/wp-content\/uploads\/Amsterdam-diaries.png\" alt=\"\" width=\"220\" height=\"330\" srcset=\"https:\/\/historischcafe.nl\/wordpress\/wp-content\/uploads\/Amsterdam-diaries.png 307w, https:\/\/historischcafe.nl\/wordpress\/wp-content\/uploads\/Amsterdam-diaries-200x300.png 200w\" sizes=\"auto, (max-width: 220px) 100vw, 220px\" \/><\/p>\n<p>Het <em>Amsterdam Diaries<\/em>-project is een interdisciplinair onderzoek naar dagboeken, memoires en brieven uit Amsterdam. Egodocumenten vanaf de achttiende eeuw tot het heden zijn samengevoegd in de bundel <em>Amsterdam Diaries, Life Writing and Identity<\/em>. Het project geeft daarmee een unieke inkijk in hoe de stad werd beleefd door haar veelkleurige inwoners.<\/p>\n<p>Bijvoorbeeld de Amsterdamse schipper Adriaan Doorneveld, die zestig jaar lang een dagboek bijhield of de Turkse kunstenaar I\u015f\u0131k T\u00fcz\u00fcner, die in 1975 voor de liefde naar Amsterdam verhuist. Maar wat is juist het gemeenschappelijk verhaal dat deze dagboeken kunnen vertellen? Daarover gaan we in gesprek met docent en onderzoeker Laura van Hasselt.<\/p>\n<p><b>Laura van Hasselt <\/b>is docent en onderzoeker aan de Universiteit van Amsterdam. In 2022 promoveerde ze op een biografie van Piet van Eeghen en de metamorfose van negentiende eeuws Amsterdam.<\/p>\n<p><em>Interviewer: Brent Sickmann<\/em><\/p>\n<div data-olk-copy-source=\"MessageBody\"><span style=\"font-family: -apple-system, BlinkMacSystemFont, 'Segoe UI', Roboto, Oxygen, Ubuntu, Cantarell, 'Fira Sans', 'Droid Sans', 'Helvetica Neue', sans-serif; font-size: 0.88889em; font-weight: bold;\">20.45 \u2013 Pauze<\/span><\/div>\n<div data-olk-copy-source=\"MessageBody\"><\/div>\n<div data-olk-copy-source=\"MessageBody\"><span style=\"font-family: -apple-system, BlinkMacSystemFont, 'Segoe UI', Roboto, Oxygen, Ubuntu, Cantarell, 'Fira Sans', 'Droid Sans', 'Helvetica Neue', sans-serif; font-size: 0.88889em; font-weight: bold;\">21.00 \u2013 Column van Tycho<\/span><\/div>\n<div data-olk-copy-source=\"MessageBody\">\n<h5>21.05 \u2013 De Gaulle: film, politiek, geschiedenis en de erfenis van Charles de Grote<\/h5>\n<p><img loading=\"lazy\" decoding=\"async\" class=\"alignright wp-image-4156\" src=\"https:\/\/historischcafe.nl\/wordpress\/wp-content\/uploads\/la-bataille-de-gaulle-206x300.jpg\" alt=\"\" width=\"250\" height=\"365\" srcset=\"https:\/\/historischcafe.nl\/wordpress\/wp-content\/uploads\/la-bataille-de-gaulle-206x300.jpg 206w, https:\/\/historischcafe.nl\/wordpress\/wp-content\/uploads\/la-bataille-de-gaulle-702x1024.jpg 702w, https:\/\/historischcafe.nl\/wordpress\/wp-content\/uploads\/la-bataille-de-gaulle-768x1121.jpg 768w, https:\/\/historischcafe.nl\/wordpress\/wp-content\/uploads\/la-bataille-de-gaulle.jpg 858w\" sizes=\"auto, (max-width: 250px) 100vw, 250px\" \/>In Franse bioscopen gebeurde deze zomer iets opmerkelijks. Het eerste deel van <em>La Bataille De Gaulle<\/em>, een ambitieus tweeluik over Charles de Gaulle tijdens de Tweede Wereldoorlog, leek aanvankelijk uit te lopen op een flop. Na enkele weken met goeddeels lege zalen begon de kaartverkoop opeens aan te trekken en inmiddels hebben meer dan vijf miljoen Fransen de film gezien. Met name onder jongeren is de film een onverwachte hit gebleken. Inmiddels kunnen ook Nederlandse bioscoopgangers genieten van de avonturen van De Gaulle en zijn aanhangers in Londen, Dakar, Parijs, Bir Hakeim en Algiers, zijn botsingen met Winston Churchill en zijn niet aflatende vereenzelviging met <em>La France<\/em>.<\/p>\n<p>Wat verklaart de plotselinge populariteit van dit epos over de man die <em>Non<\/em> zei tegen de nederlaag van 1940, de door maarschalk P\u00e9tain afgekondigde wapenstilstand en de daarop volgende collaboratie met de nazi&#8217;s? Wat hebben zijn koppige onverzettelijkheid, zijn identificatie met Frankrijk en zijn obsessie met soevereiniteit aan eentwintigste-eeuwers te bieden? En welke rol hebben de keuzes van regisseur Antonin Baudry gespeeld om de De Gaulle-mythe weer groot te maken (zonder deze laatste woorden in het Engels te vertalen)? Op 9 september ontkurken we onze beste fles en gaan we in gesprek met historicus, journalist en Frankrijk-kenner par excellence Marijn Kruk, over mythes, film en de erfenis van le grand Charles.<\/p>\n<\/div>\n<p><strong>Marijn Kruk<\/strong> is historicus en journalist. Hij was lange tijd Parijscorrespondent voor diverse kranten en weekbladen en deed verslag van conflicten in Libi\u00eb, Mali, Syri\u00eb en Irak. In 2024 verscheen zijn boek <i id=\"mwUQ\">Opstand: De populistische revolte en de strijd om de ziel van het Westen.<\/i><\/p>\n<p><em>Interviewer: Daniel Knegt<\/em><\/p>\n<p>&nbsp;<\/p>\n","protected":false},"excerpt":{"rendered":"<p>Programma Historisch Caf\u00e9 20.00 \u2013 De stad in dagboeken. Interview met Laura van Hasselt Het Amsterdam Diaries-project is een interdisciplinair onderzoek naar dagboeken, memoires en brieven uit Amsterdam. Egodocumenten vanaf de achttiende eeuw tot het heden zijn samengevoegd in de bundel Amsterdam Diaries, Life Writing and Identity. Het project geeft daarmee een unieke inkijk in &hellip; <\/p>\n<p class=\"link-more\"><a href=\"https:\/\/historischcafe.nl\/wordpress\/?page_id=4153\" class=\"more-link\">Continue reading<span class=\"screen-reader-text\"> &#8220;Historisch Caf\u00e9 9 september 2026&#8221;<\/span><\/a><\/p>\n","protected":false},"author":1,"featured_media":0,"parent":19,"menu_order":0,"comment_status":"closed","ping_status":"closed","template":"","meta":{"footnotes":""},"class_list":["post-4153","page","type-page","status-publish","hentry","entry"],"_links":{"self":[{"href":"https:\/\/historischcafe.nl\/wordpress\/index.php?rest_route=\/wp\/v2\/pages\/4153","targetHints":{"allow":["GET"]}}],"collection":[{"href":"https:\/\/historischcafe.nl\/wordpress\/index.php?rest_route=\/wp\/v2\/pages"}],"about":[{"href":"https:\/\/historischcafe.nl\/wordpress\/index.php?rest_route=\/wp\/v2\/types\/page"}],"author":[{"embeddable":true,"href":"https:\/\/historischcafe.nl\/wordpress\/index.php?rest_route=\/wp\/v2\/users\/1"}],"replies":[{"embeddable":true,"href":"https:\/\/historischcafe.nl\/wordpress\/index.php?rest_route=%2Fwp%2Fv2%2Fcomments&post=4153"}],"version-history":[{"count":2,"href":"https:\/\/historischcafe.nl\/wordpress\/index.php?rest_route=\/wp\/v2\/pages\/4153\/revisions"}],"predecessor-version":[{"id":4159,"href":"https:\/\/historischcafe.nl\/wordpress\/index.php?rest_route=\/wp\/v2\/pages\/4153\/revisions\/4159"}],"up":[{"embeddable":true,"href":"https:\/\/historischcafe.nl\/wordpress\/index.php?rest_route=\/wp\/v2\/pages\/19"}],"wp:attachment":[{"href":"https:\/\/historischcafe.nl\/wordpress\/index.php?rest_route=%2Fwp%2Fv2%2Fmedia&parent=4153"}],"curies":[{"name":"wp","href":"https:\/\/api.w.org\/{rel}","templated":true}]}}

Historisch Café 9 september 2026

<h4>Programma Historisch Café</h4>
<h5>20.00 – De stad in dagboeken. Interview met Laura van Hasselt</h5>
<p><img loading="lazy" decoding="async" class="alignleft wp-image-4154" src="https://historischcafe.nl/wordpress/wp-content/uploads/Amsterdam-diaries.png" alt="" width="220" height="330" srcset="https://historischcafe.nl/wordpress/wp-content/uploads/Amsterdam-diaries.png 307w, https://historischcafe.nl/wordpress/wp-content/uploads/Amsterdam-diaries-200x300.png 200w" sizes="auto, (max-width: 220px) 100vw, 220px" /></p>
<p>Het <em>Amsterdam Diaries</em>-project is een interdisciplinair onderzoek naar dagboeken, memoires en brieven uit Amsterdam. Egodocumenten vanaf de achttiende eeuw tot het heden zijn samengevoegd in de bundel <em>Amsterdam Diaries, Life Writing and Identity</em>. Het project geeft daarmee een unieke inkijk in hoe de stad werd beleefd door haar veelkleurige inwoners.</p>
<p>Bijvoorbeeld de Amsterdamse schipper Adriaan Doorneveld, die zestig jaar lang een dagboek bijhield of de Turkse kunstenaar Işık Tüzüner, die in 1975 voor de liefde naar Amsterdam verhuist. Maar wat is juist het gemeenschappelijk verhaal dat deze dagboeken kunnen vertellen? Daarover gaan we in gesprek met docent en onderzoeker Laura van Hasselt.</p>
<p><b>Laura van Hasselt </b>is docent en onderzoeker aan de Universiteit van Amsterdam. In 2022 promoveerde ze op een biografie van Piet van Eeghen en de metamorfose van negentiende eeuws Amsterdam.</p>
<p><em>Interviewer: Brent Sickmann</em></p>
<div data-olk-copy-source="MessageBody"><span style="font-family: -apple-system, BlinkMacSystemFont, 'Segoe UI', Roboto, Oxygen, Ubuntu, Cantarell, 'Fira Sans', 'Droid Sans', 'Helvetica Neue', sans-serif; font-size: 0.88889em; font-weight: bold;">20.45 – Pauze</span></div>
<div data-olk-copy-source="MessageBody"></div>
<div data-olk-copy-source="MessageBody"><span style="font-family: -apple-system, BlinkMacSystemFont, 'Segoe UI', Roboto, Oxygen, Ubuntu, Cantarell, 'Fira Sans', 'Droid Sans', 'Helvetica Neue', sans-serif; font-size: 0.88889em; font-weight: bold;">21.00 – Column van Tycho</span></div>
<div data-olk-copy-source="MessageBody">
<h5>21.05 – De Gaulle: film, politiek, geschiedenis en de erfenis van Charles de Grote</h5>
<p><img loading="lazy" decoding="async" class="alignright wp-image-4156" src="https://historischcafe.nl/wordpress/wp-content/uploads/la-bataille-de-gaulle-206x300.jpg" alt="" width="250" height="365" srcset="https://historischcafe.nl/wordpress/wp-content/uploads/la-bataille-de-gaulle-206x300.jpg 206w, https://historischcafe.nl/wordpress/wp-content/uploads/la-bataille-de-gaulle-702x1024.jpg 702w, https://historischcafe.nl/wordpress/wp-content/uploads/la-bataille-de-gaulle-768x1121.jpg 768w, https://historischcafe.nl/wordpress/wp-content/uploads/la-bataille-de-gaulle.jpg 858w" sizes="auto, (max-width: 250px) 100vw, 250px" />In Franse bioscopen gebeurde deze zomer iets opmerkelijks. Het eerste deel van <em>La Bataille De Gaulle</em>, een ambitieus tweeluik over Charles de Gaulle tijdens de Tweede Wereldoorlog, leek aanvankelijk uit te lopen op een flop. Na enkele weken met goeddeels lege zalen begon de kaartverkoop opeens aan te trekken en inmiddels hebben meer dan vijf miljoen Fransen de film gezien. Met name onder jongeren is de film een onverwachte hit gebleken. Inmiddels kunnen ook Nederlandse bioscoopgangers genieten van de avonturen van De Gaulle en zijn aanhangers in Londen, Dakar, Parijs, Bir Hakeim en Algiers, zijn botsingen met Winston Churchill en zijn niet aflatende vereenzelviging met <em>La France</em>.</p>
<p>Wat verklaart de plotselinge populariteit van dit epos over de man die <em>Non</em> zei tegen de nederlaag van 1940, de door maarschalk Pétain afgekondigde wapenstilstand en de daarop volgende collaboratie met de nazi&#8217;s? Wat hebben zijn koppige onverzettelijkheid, zijn identificatie met Frankrijk en zijn obsessie met soevereiniteit aan eentwintigste-eeuwers te bieden? En welke rol hebben de keuzes van regisseur Antonin Baudry gespeeld om de De Gaulle-mythe weer groot te maken (zonder deze laatste woorden in het Engels te vertalen)? Op 9 september ontkurken we onze beste fles en gaan we in gesprek met historicus, journalist en Frankrijk-kenner par excellence Marijn Kruk, over mythes, film en de erfenis van le grand Charles.</p>
</div>
<p><strong>Marijn Kruk</strong> is historicus en journalist. Hij was lange tijd Parijscorrespondent voor diverse kranten en weekbladen en deed verslag van conflicten in Libië, Mali, Syrië en Irak. In 2024 verscheen zijn boek <i id="mwUQ">Opstand: De populistische revolte en de strijd om de ziel van het Westen.</i></p>
<p><em>Interviewer: Daniel Knegt</em></p>
<p>&nbsp;</p>

<p>Programma Historisch Café 20.00 – De stad in dagboeken. Interview met Laura van Hasselt Het Amsterdam Diaries-project is een interdisciplinair onderzoek naar dagboeken, memoires en brieven uit Amsterdam. Egodocumenten vanaf de achttiende eeuw tot het heden zijn samengevoegd in de bundel Amsterdam Diaries, Life Writing and Identity. Het project geeft daarmee een unieke inkijk in &hellip; </p>
<p class="link-more"><a href="https://historischcafe.nl/wordpress/?page_id=4153" class="more-link">Continue reading<span class="screen-reader-text"> &#8220;Historisch Café 9 september 2026&#8221;</span></a></p>
