{"id":2645,"date":"2018-08-02T14:56:22","date_gmt":"2018-08-02T13:56:22","guid":{"rendered":"http:\/\/historischcafe.nl\/wordpress\/?page_id=2645"},"modified":"2018-08-15T14:37:29","modified_gmt":"2018-08-15T13:37:29","slug":"extra-historisch-cafe-22-augustus-2018-museum-het-schip","status":"publish","type":"page","link":"https:\/\/historischcafe.nl\/wordpress\/?page_id=2645","title":{"rendered":"*Extra* Historisch Caf\u00e9 22 augustus 2018 \u2013 Museum Het Schip"},"content":{"rendered":"<h4><strong>*Extra* Historisch Caf\u00e9 22 augustus 2018 \u2013 Museum Het Schip<\/strong><\/h4>\n<h5><\/h5>\n<p style=\"text-align: center;\"><img loading=\"lazy\" decoding=\"async\" class=\"aligncenter size-full wp-image-2650\" src=\"https:\/\/historischcafe.nl\/wordpress\/wp-content\/uploads\/spaans-amerikaanse-oorlog-1.jpg\" alt=\"\" width=\"585\" height=\"371\" srcset=\"https:\/\/historischcafe.nl\/wordpress\/wp-content\/uploads\/spaans-amerikaanse-oorlog-1.jpg 585w, https:\/\/historischcafe.nl\/wordpress\/wp-content\/uploads\/spaans-amerikaanse-oorlog-1-300x190.jpg 300w\" sizes=\"auto, (max-width: 585px) 100vw, 585px\" \/><em>Spaans-Amerikaanse oorlog, 1898<\/em><\/p>\n<h5>Inloop vanaf 19.30<\/h5>\n<h5>20.00 uur \u2013 Spanje rond 1900: een identiteitscrisis. Een presentatie van Yolanda Rodr\u00edguez P\u00e9rez<\/h5>\n<p>De avond begint met een voordracht over het Spanje van rond de eeuwwisseling. Wat waren de consequenties van het rampjaar 1898, toen Spanje zijn laatste kolonies verloor en daarmee de status van imperiale macht? In elk geval een diepe nationale identiteitscrisis waarover veel intellectuelen hebben gereflecteerd. Wat moest er gebeuren? Hoe kreeg men het land weer op de rails? Interessant is dat dit regeneratie-discours in een nieuw licht kwam te staan tijdens de crisis van de afgelopen jaren. Het is een boeiende periode omdat men zich intensief ging bezighouden met het Spaanse zelfbeeld, de relatie van Spanje met Europa en de perceptie van Spanje in het buitenland.<\/p>\n<p><strong>Yolanda Rodr\u00edguez P\u00e9rez<\/strong> is Universitair hoofddocent bij het departement \u00a0Europese Studies aan de Universiteit van Amsterdam. Ze is gepromoveerd op de Tachtigjarige Oorlog door Spaanse ogen. Haar onderzoek richt zich vooral op de culturele transfers tussen het vroegmoderne Spanje en de Republiek. Op dit moment leidt ze het project \u2018Mixed feelings. Literary Hispanophilia and Hispanophobia in England and the Netherlands in the Early Modern period and the nineteenth century\u2019.<\/p>\n<h5>20.20 uur \u2013 Cataloni\u00eb rond 1900: groeiend zelfbewustzijn. Een interview met Gijs Mulder.<\/h5>\n<p>Gijs Mulder is hispanist en gaat in dit interview in op het ontstaan van het Catalaanse nationalisme in de tweede helft van de 19e eeuw (&#8216;Renaixen\u00e7a&#8217;). Wat waren de verschillen met de andere &#8216;historische regio&#8217;s&#8217; in Spanje? Het Catalaanse nationalisme verschilt fundamenteel van bijvoorbeeld het Baskische: in Cataloni\u00eb kregen de culturele en industri\u00eble elites belangstelling voor het Catalaans als geschreven taal. Centraal daarin stond de standaardisering van het Catalaans met de spellingsregels, de grammatica en het woordenboek van het Institut d&#8217;Estudis Catalans o.l.v. Pompeu Fabra. Dit alles gebeurt tegen de achtergrond van de opkomst van de arbeidersbeweging en het anarchisme en de algehele politieke en sociale onrust tijdens de regeerperiode van Alfons XIII.<\/p>\n<p><strong>Gijs Mulder<\/strong> is onderzoeker bij het Centre for Language Studies en docent Romaanse talen en culturen aan de Radboud Universiteit Nijmegen. Hij is vooral ge\u00efnteresseerd in de grammatica en het lexicon, en de relatie daartussen, van het alledaagse Spaans. Hij doet onderzoek naar taalhandelingen, beleefdheid, idiomatisch taalgebruik en evidentialiteit. Daarnaast heeft hij belangstelling voor lexicografie. Hij is bewerker van de Spaanse woordenboeken van Van Dale. Als kenner van de Spaanse cultuur geeft hij soms commentaar in de media op politieke gebeurtenissen in Spanje.<\/p>\n<p><em>Interviewer: Daniel Knegt<\/em><\/p>\n<p style=\"text-align: center;\"><img loading=\"lazy\" decoding=\"async\" class=\"aligncenter size-full wp-image-2652\" src=\"https:\/\/historischcafe.nl\/wordpress\/wp-content\/uploads\/catalaans-dagblad.jpg\" alt=\"\" width=\"312\" height=\"161\" srcset=\"https:\/\/historischcafe.nl\/wordpress\/wp-content\/uploads\/catalaans-dagblad.jpg 312w, https:\/\/historischcafe.nl\/wordpress\/wp-content\/uploads\/catalaans-dagblad-300x155.jpg 300w\" sizes=\"auto, (max-width: 312px) 100vw, 312px\" \/><em>Een in 1881 opgericht Catalaans dagblad<\/em><\/p>\n<p>&nbsp;<\/p>\n<h5>20.50 uur \u2013 Pauze<br \/>\n21.10 uur \u2013 Barcelona rond 1900: een bloeiende culturele en intellectuele stad. Een interview met Adri Boon.<\/h5>\n<p>In dit interview komt het Barcelona van Gaud\u00ed aan bod. De snelle groei van deze stad na 1850 bood Gaud\u00ed de kans om als architect zijn onconventionele idee\u00ebn in de praktijk te brengen. Maar deze opkomende industriestad gaf ook de ruimte aan andere artistieke en literaire talenten. Wie speelden er naast Gaud\u00ed een rol van betekenis in deze culturele <em>scene<\/em>? Josep Pla, de vader van de moderne Catalaanse literatuur, komt voorbij: hij is van niet te onderschatten waarde geweest voor de Catalaanse identiteit. Maar ook Salvador Dal\u00ed, die in zijn jeugddagboek de moderniteit van de stad beschrijft. Een duik in het bruisende Barcelona van ruim een eeuw geleden.<\/p>\n<p><strong>Adri Boon<\/strong> vertaalt uit het Spaans, Catalaans en Portugees. Hij studeerde Spaanse Taal- en Letterkunde aan de Universiteit van Amsterdam. Het lezen en vertalen van literatuur was een vroege en blijvende liefde. Tijdens zijn lange verblijf op het Iberische schiereiland bekwaamde hij zich ook in het Catalaans en het Portugees. Uit deze laatste taal vertaalde hij werk van o.a. E\u00e7a de Queiroz. Van diens Spaanse evenknie Benito P\u00e9rez Gald\u00f3s tekende hij voor de Nederlandse editie van \u2018Fortunata y Jacinta\u2019. Van de Catalaanse \u2018koelag\u2019 Josep Pla vertaalde hij \u2018Het grijze schrift\u2019.<\/p>\n<p><em>Interviewer: Inger Schaap<\/em><\/p>\n<p style=\"text-align: center;\"><img loading=\"lazy\" decoding=\"async\" class=\"aligncenter size-full wp-image-2653\" src=\"https:\/\/historischcafe.nl\/wordpress\/wp-content\/uploads\/grid.png\" alt=\"\" width=\"369\" height=\"361\" srcset=\"https:\/\/historischcafe.nl\/wordpress\/wp-content\/uploads\/grid.png 369w, https:\/\/historischcafe.nl\/wordpress\/wp-content\/uploads\/grid-300x293.png 300w\" sizes=\"auto, (max-width: 369px) 100vw, 369px\" \/><em>Het bekende grid-systeem in de wijk Eixample<\/em><\/p>\n<h5>21.40 uur \u2013 Gaud\u00ed en de Amsterdamse School. Een interview met de curatoren van de aankomende tentoonstelling.<\/h5>\n<p><strong>Laura Lubbers<\/strong> en <strong>Nikki Manger<\/strong> hebben, samen met directeur <strong>Alice Roegholt<\/strong> van Museum Het Schip de tentoonstelling \u2018Gaud\u00ed en de Amsterdamse School\u2019 gecureerd. Zij vertellen kort over de totstandkoming hiervan en over de overeenkomsten tussen de architectuur van Gaud\u00ed en die van de Amsterdamse School.<\/p>\n<p><em>Interviewer: Joppe Schaaper<\/em><\/p>\n<h5>22.00\u201322.45 uur \u2013 Gelegenheid voor een drankje na afloop<\/h5>\n","protected":false},"excerpt":{"rendered":"<p>*Extra* Historisch Caf\u00e9 22 augustus 2018 \u2013 Museum Het Schip Spaans-Amerikaanse oorlog, 1898 Inloop vanaf 19.30 20.00 uur \u2013 Spanje rond 1900: een identiteitscrisis. Een presentatie van Yolanda Rodr\u00edguez P\u00e9rez De avond begint met een voordracht over het Spanje van rond de eeuwwisseling. Wat waren de consequenties van het rampjaar 1898, toen Spanje zijn laatste &hellip; <\/p>\n<p class=\"link-more\"><a href=\"https:\/\/historischcafe.nl\/wordpress\/?page_id=2645\" class=\"more-link\">Continue reading<span class=\"screen-reader-text\"> &#8220;*Extra* Historisch Caf\u00e9 22 augustus 2018 \u2013 Museum Het Schip&#8221;<\/span><\/a><\/p>\n","protected":false},"author":1,"featured_media":0,"parent":19,"menu_order":0,"comment_status":"closed","ping_status":"closed","template":"","meta":{"footnotes":""},"class_list":["post-2645","page","type-page","status-publish","hentry","entry"],"_links":{"self":[{"href":"https:\/\/historischcafe.nl\/wordpress\/index.php?rest_route=\/wp\/v2\/pages\/2645","targetHints":{"allow":["GET"]}}],"collection":[{"href":"https:\/\/historischcafe.nl\/wordpress\/index.php?rest_route=\/wp\/v2\/pages"}],"about":[{"href":"https:\/\/historischcafe.nl\/wordpress\/index.php?rest_route=\/wp\/v2\/types\/page"}],"author":[{"embeddable":true,"href":"https:\/\/historischcafe.nl\/wordpress\/index.php?rest_route=\/wp\/v2\/users\/1"}],"replies":[{"embeddable":true,"href":"https:\/\/historischcafe.nl\/wordpress\/index.php?rest_route=%2Fwp%2Fv2%2Fcomments&post=2645"}],"version-history":[{"count":8,"href":"https:\/\/historischcafe.nl\/wordpress\/index.php?rest_route=\/wp\/v2\/pages\/2645\/revisions"}],"predecessor-version":[{"id":2659,"href":"https:\/\/historischcafe.nl\/wordpress\/index.php?rest_route=\/wp\/v2\/pages\/2645\/revisions\/2659"}],"up":[{"embeddable":true,"href":"https:\/\/historischcafe.nl\/wordpress\/index.php?rest_route=\/wp\/v2\/pages\/19"}],"wp:attachment":[{"href":"https:\/\/historischcafe.nl\/wordpress\/index.php?rest_route=%2Fwp%2Fv2%2Fmedia&parent=2645"}],"curies":[{"name":"wp","href":"https:\/\/api.w.org\/{rel}","templated":true}]}}

*Extra* Historisch Café 22 augustus 2018 – Museum Het Schip

<h4><strong>*Extra* Historisch Café 22 augustus 2018 – Museum Het Schip</strong></h4>
<h5></h5>
<p style="text-align: center;"><img loading="lazy" decoding="async" class="aligncenter size-full wp-image-2650" src="https://historischcafe.nl/wordpress/wp-content/uploads/spaans-amerikaanse-oorlog-1.jpg" alt="" width="585" height="371" srcset="https://historischcafe.nl/wordpress/wp-content/uploads/spaans-amerikaanse-oorlog-1.jpg 585w, https://historischcafe.nl/wordpress/wp-content/uploads/spaans-amerikaanse-oorlog-1-300x190.jpg 300w" sizes="auto, (max-width: 585px) 100vw, 585px" /><em>Spaans-Amerikaanse oorlog, 1898</em></p>
<h5>Inloop vanaf 19.30</h5>
<h5>20.00 uur – Spanje rond 1900: een identiteitscrisis. Een presentatie van Yolanda Rodríguez Pérez</h5>
<p>De avond begint met een voordracht over het Spanje van rond de eeuwwisseling. Wat waren de consequenties van het rampjaar 1898, toen Spanje zijn laatste kolonies verloor en daarmee de status van imperiale macht? In elk geval een diepe nationale identiteitscrisis waarover veel intellectuelen hebben gereflecteerd. Wat moest er gebeuren? Hoe kreeg men het land weer op de rails? Interessant is dat dit regeneratie-discours in een nieuw licht kwam te staan tijdens de crisis van de afgelopen jaren. Het is een boeiende periode omdat men zich intensief ging bezighouden met het Spaanse zelfbeeld, de relatie van Spanje met Europa en de perceptie van Spanje in het buitenland.</p>
<p><strong>Yolanda Rodríguez Pérez</strong> is Universitair hoofddocent bij het departement  Europese Studies aan de Universiteit van Amsterdam. Ze is gepromoveerd op de Tachtigjarige Oorlog door Spaanse ogen. Haar onderzoek richt zich vooral op de culturele transfers tussen het vroegmoderne Spanje en de Republiek. Op dit moment leidt ze het project ‘Mixed feelings. Literary Hispanophilia and Hispanophobia in England and the Netherlands in the Early Modern period and the nineteenth century’.</p>
<h5>20.20 uur – Catalonië rond 1900: groeiend zelfbewustzijn. Een interview met Gijs Mulder.</h5>
<p>Gijs Mulder is hispanist en gaat in dit interview in op het ontstaan van het Catalaanse nationalisme in de tweede helft van de 19e eeuw (&#8216;Renaixença&#8217;). Wat waren de verschillen met de andere &#8216;historische regio&#8217;s&#8217; in Spanje? Het Catalaanse nationalisme verschilt fundamenteel van bijvoorbeeld het Baskische: in Catalonië kregen de culturele en industriële elites belangstelling voor het Catalaans als geschreven taal. Centraal daarin stond de standaardisering van het Catalaans met de spellingsregels, de grammatica en het woordenboek van het Institut d&#8217;Estudis Catalans o.l.v. Pompeu Fabra. Dit alles gebeurt tegen de achtergrond van de opkomst van de arbeidersbeweging en het anarchisme en de algehele politieke en sociale onrust tijdens de regeerperiode van Alfons XIII.</p>
<p><strong>Gijs Mulder</strong> is onderzoeker bij het Centre for Language Studies en docent Romaanse talen en culturen aan de Radboud Universiteit Nijmegen. Hij is vooral geïnteresseerd in de grammatica en het lexicon, en de relatie daartussen, van het alledaagse Spaans. Hij doet onderzoek naar taalhandelingen, beleefdheid, idiomatisch taalgebruik en evidentialiteit. Daarnaast heeft hij belangstelling voor lexicografie. Hij is bewerker van de Spaanse woordenboeken van Van Dale. Als kenner van de Spaanse cultuur geeft hij soms commentaar in de media op politieke gebeurtenissen in Spanje.</p>
<p><em>Interviewer: Daniel Knegt</em></p>
<p style="text-align: center;"><img loading="lazy" decoding="async" class="aligncenter size-full wp-image-2652" src="https://historischcafe.nl/wordpress/wp-content/uploads/catalaans-dagblad.jpg" alt="" width="312" height="161" srcset="https://historischcafe.nl/wordpress/wp-content/uploads/catalaans-dagblad.jpg 312w, https://historischcafe.nl/wordpress/wp-content/uploads/catalaans-dagblad-300x155.jpg 300w" sizes="auto, (max-width: 312px) 100vw, 312px" /><em>Een in 1881 opgericht Catalaans dagblad</em></p>
<p>&nbsp;</p>
<h5>20.50 uur – Pauze<br />
21.10 uur – Barcelona rond 1900: een bloeiende culturele en intellectuele stad. Een interview met Adri Boon.</h5>
<p>In dit interview komt het Barcelona van Gaudí aan bod. De snelle groei van deze stad na 1850 bood Gaudí de kans om als architect zijn onconventionele ideeën in de praktijk te brengen. Maar deze opkomende industriestad gaf ook de ruimte aan andere artistieke en literaire talenten. Wie speelden er naast Gaudí een rol van betekenis in deze culturele <em>scene</em>? Josep Pla, de vader van de moderne Catalaanse literatuur, komt voorbij: hij is van niet te onderschatten waarde geweest voor de Catalaanse identiteit. Maar ook Salvador Dalí, die in zijn jeugddagboek de moderniteit van de stad beschrijft. Een duik in het bruisende Barcelona van ruim een eeuw geleden.</p>
<p><strong>Adri Boon</strong> vertaalt uit het Spaans, Catalaans en Portugees. Hij studeerde Spaanse Taal- en Letterkunde aan de Universiteit van Amsterdam. Het lezen en vertalen van literatuur was een vroege en blijvende liefde. Tijdens zijn lange verblijf op het Iberische schiereiland bekwaamde hij zich ook in het Catalaans en het Portugees. Uit deze laatste taal vertaalde hij werk van o.a. Eça de Queiroz. Van diens Spaanse evenknie Benito Pérez Galdós tekende hij voor de Nederlandse editie van ‘Fortunata y Jacinta’. Van de Catalaanse ‘koelag’ Josep Pla vertaalde hij ‘Het grijze schrift’.</p>
<p><em>Interviewer: Inger Schaap</em></p>
<p style="text-align: center;"><img loading="lazy" decoding="async" class="aligncenter size-full wp-image-2653" src="https://historischcafe.nl/wordpress/wp-content/uploads/grid.png" alt="" width="369" height="361" srcset="https://historischcafe.nl/wordpress/wp-content/uploads/grid.png 369w, https://historischcafe.nl/wordpress/wp-content/uploads/grid-300x293.png 300w" sizes="auto, (max-width: 369px) 100vw, 369px" /><em>Het bekende grid-systeem in de wijk Eixample</em></p>
<h5>21.40 uur – Gaudí en de Amsterdamse School. Een interview met de curatoren van de aankomende tentoonstelling.</h5>
<p><strong>Laura Lubbers</strong> en <strong>Nikki Manger</strong> hebben, samen met directeur <strong>Alice Roegholt</strong> van Museum Het Schip de tentoonstelling ‘Gaudí en de Amsterdamse School’ gecureerd. Zij vertellen kort over de totstandkoming hiervan en over de overeenkomsten tussen de architectuur van Gaudí en die van de Amsterdamse School.</p>
<p><em>Interviewer: Joppe Schaaper</em></p>
<h5>22.00–22.45 uur – Gelegenheid voor een drankje na afloop</h5>

<p>*Extra* Historisch Café 22 augustus 2018 – Museum Het Schip Spaans-Amerikaanse oorlog, 1898 Inloop vanaf 19.30 20.00 uur – Spanje rond 1900: een identiteitscrisis. Een presentatie van Yolanda Rodríguez Pérez De avond begint met een voordracht over het Spanje van rond de eeuwwisseling. Wat waren de consequenties van het rampjaar 1898, toen Spanje zijn laatste &hellip; </p>
<p class="link-more"><a href="https://historischcafe.nl/wordpress/?page_id=2645" class="more-link">Continue reading<span class="screen-reader-text"> &#8220;*Extra* Historisch Café 22 augustus 2018 – Museum Het Schip&#8221;</span></a></p>
