{"id":2352,"date":"2017-03-23T13:02:55","date_gmt":"2017-03-23T12:02:55","guid":{"rendered":"http:\/\/historischcafe.nl\/wordpress\/?page_id=2352"},"modified":"2017-03-23T13:03:09","modified_gmt":"2017-03-23T12:03:09","slug":"historisch-cafe-12-april-2017","status":"publish","type":"page","link":"https:\/\/historischcafe.nl\/wordpress\/?page_id=2352","title":{"rendered":"Historisch Caf\u00e9 12 april 2017"},"content":{"rendered":"<h4>Programma Historisch Caf\u00e9\u00a012 april 2017<\/h4>\n<h5><span style=\"font-size: 1.1em; line-height: 1.2em;\">20.00 uur &#8211; Geweld tegen vrouwen. Een nieuwe benadering door hoogleraar Ren\u00e9e R\u00f6mkens<\/span><\/h5>\n<p class=\"x_gmail-p1\"><span class=\"x_gmail-s1\"><img loading=\"lazy\" decoding=\"async\" class=\"alignleft size-medium wp-image-2353\" src=\"https:\/\/historischcafe.nl\/wordpress\/wp-content\/uploads\/oratie-renee-romkens_0-300x175.jpg\" alt=\"oratie-renee-romkens_0\" width=\"300\" height=\"175\" srcset=\"https:\/\/historischcafe.nl\/wordpress\/wp-content\/uploads\/oratie-renee-romkens_0-300x175.jpg 300w, https:\/\/historischcafe.nl\/wordpress\/wp-content\/uploads\/oratie-renee-romkens_0-768x448.jpg 768w, https:\/\/historischcafe.nl\/wordpress\/wp-content\/uploads\/oratie-renee-romkens_0.jpg 780w\" sizes=\"auto, (max-width: 300px) 100vw, 300px\" \/>In het eerste onderdeel is Ren\u00e9e R\u00f6mkens te gast. Zij werd op 3 maart 2017 benoemd tot bijzonder hoogleraar gendergerelateerd geweld aan de UvA. In het Historisch Caf\u00e9 praten we met haar over de noodzaak om geweld tegen vrouwen te benaderen als een mensenrechtenschending en een probleem van discriminatie. Dit betekent een keerpunt in de benadering tot dusver dat geweld tegen vrouwen een maatschappelijk probleem is.\u00a0<\/span><\/p>\n<p class=\"x_gmail-p1\"><span class=\"x_gmail-s1\">De oratie van R\u00f6mkens kun je <a href=\"https:\/\/www.atria.nl\/sites\/atria\/files\/atoms\/files\/oratie_renee_romkens_03032017.pdf\" target=\"_blank\">hier<\/a> lezen ter voorbereiding.\u00a0<\/span><\/p>\n<p class=\"x_gmail-p1\"><span class=\"x_gmail-s1\"><strong>Ren\u00e9e R\u00f6mkens<\/strong> is directeur\/bestuurder van Atria en bijzonder hoogleraar <em>Gender based violence<\/em> aan de Universiteit van Amsterdam. Ze studeerde criminologie en psychologie aan de Radboud Universiteit. R\u00f6mkens werkte als onderzoeker \/ gasthoogleraar in binnen- en buitenland: Universiteit van Amsterdam, Universiteit Utrecht, New York University, Columbia University, University of Cape Town, University of the Western Cape, Universiteit Tilburg.<\/span><\/p>\n<p class=\"x_gmail-p1\"><span class=\"x_gmail-s1\">Haar proefschrift Gewoon geweld? (Universiteit van Amsterdam, 1992, cum laude) was het eerste onderzoek in Europa naar omvang, aard, achtergronden en gevolgen van geweld tegen vrouwen in heteroseksuele relaties. Zij heeft veel gepubliceerd en deed diverse (Europese) onderzoeken naar wet- en regelgeving over geweld tegen vrouwen voor o.a. de Europese Commissie, Raad van Europa, EIGE (European Institute for Gender Equality) en als expert-lid van het European Network on Gender Expertise (ENEGE)). Haar huidige onderzoek focust op de impact van internationale mensenrechten op beleid en regelgeving op het gebied van gender gerelateerd geweld.<\/span><\/p>\n<p class=\"x_gmail-p1\"><span class=\"x_gmail-s1\">Foto: Atria.nl\u00a0<\/span><\/p>\n<p class=\"x_gmail-p1\"><em>Interviewer: Inger Schaap<\/em><\/p>\n<h5>20.45 uur &#8211; Pauze<\/h5>\n<h5>21.00 uur &#8211; Column van Gijs<\/h5>\n<h5>21.05 uur &#8211;\u00a0Christelijke jeugdverhalen over jodenbekering, 1792-2015<\/h5>\n<p><img loading=\"lazy\" decoding=\"async\" class=\"alignright wp-image-2355 size-medium\" src=\"https:\/\/historischcafe.nl\/wordpress\/wp-content\/uploads\/levis-eerste-kerstfeest-199x300.jpg\" alt=\"levi's eerste kerstfeest\" width=\"199\" height=\"300\" srcset=\"https:\/\/historischcafe.nl\/wordpress\/wp-content\/uploads\/levis-eerste-kerstfeest-199x300.jpg 199w, https:\/\/historischcafe.nl\/wordpress\/wp-content\/uploads\/levis-eerste-kerstfeest.jpg 464w\" sizes=\"auto, (max-width: 199px) 100vw, 199px\" \/>\u2018Izaak\u2019s laatste nacht\u2019, \u2018Myriam, het Jodinnetje\u2019, \u2018Sara vindt haar zaligmaker\u2019. Het zijn enkele titels in een lange lijst van protestantse en katholieke jeugdverhalen over jodenbekering die de afgelopen twee eeuwen in Nederland zijn verschenen. Onder invloed van de nieuwe christelijke zendingsdrang sinds de Verlichting en het belang van Bijbelstudie nam de interesse in jodenbekering toe. De belangstelling werd daarnaast aangezwengeld door de burgerlijke gelijkstelling van joden in Nederland in 1796.<\/p>\n<p>Historicus Ewoud Sanders verzamelde 80 verhalen over jodenbekering en analyseerde deze voor zijn onlangs gepubliceerde proefschrift \u2018Levi\u2019s eerste kerstfeest\u2019. De boekjes, bedoeld voor jonge kinderen, staan vol antisemitische elementen zoals \u2018gebogen neuzen\u2019 en \u2018spugende joden\u2019, maar die gaan hand in hand met \u2018filosemitisme\u2019; het koesteren van de joden als Gods uitverkoren volk. Opmerkelijk genoeg werden de verhalen tot in de twintigste eeuw in grote oplagen herdrukt en zijn er dus nog duizenden exemplaren in omloop. Het proefschrift dat Sanders afgelopen 3 maart verdedigde is niet onopgemerkt gebleven. Uitgeverij Den Hartog van het boekje <em>De zoektocht naar Lea Rachel<\/em> maakte onlangs bekend vanwege de commotie niet tot een herdruk over te gaan.<\/p>\n<p>Wat vertelt de traditie van jeugdverhalen over jodenbekering ons over de verhoudingen tussen christenen en joden in Nederland? Wat waren de reacties van de joodse bevolking op dergelijke publicaties? Bracht de Tweede Wereldoorlog inhoudelijke veranderingen teweeg? Welke plaats neemt de publicatiegeschiedenis in binnen discussies over antisemitisme in Nederland?<\/p>\n<p><strong>Ewoud Sanders <\/strong>is taalhistoricus en journalist. Hij publiceerde verschillende boeken over woorden en uitdrukkingen en voor <em>NRC Handelsblad<\/em> schrijft hij iedere week een column over taal. Daarnaast is hij specialist op het gebied van zoeken op internet en in databases. In 2014 verscheen <em>De handel en wandel van de boekenjood. Over vermaarde, vergeten en fictieve straatboekhandelaren<\/em>.<\/p>\n<p><em>Interviewer: Lucia Admiraal<\/em><\/p>\n<h5>22.00 uur &#8211; Borrel naar believen in P&#8217;96<\/h5>\n","protected":false},"excerpt":{"rendered":"<p>Programma Historisch Caf\u00e9\u00a012 april 2017 20.00 uur &#8211; Geweld tegen vrouwen. Een nieuwe benadering door hoogleraar Ren\u00e9e R\u00f6mkens In het eerste onderdeel is Ren\u00e9e R\u00f6mkens te gast. Zij werd op 3 maart 2017 benoemd tot bijzonder hoogleraar gendergerelateerd geweld aan de UvA. In het Historisch Caf\u00e9 praten we met haar over de noodzaak om geweld &hellip; <\/p>\n<p class=\"link-more\"><a href=\"https:\/\/historischcafe.nl\/wordpress\/?page_id=2352\" class=\"more-link\">Continue reading<span class=\"screen-reader-text\"> &#8220;Historisch Caf\u00e9 12 april 2017&#8221;<\/span><\/a><\/p>\n","protected":false},"author":1,"featured_media":0,"parent":19,"menu_order":0,"comment_status":"closed","ping_status":"closed","template":"","meta":{"footnotes":""},"class_list":["post-2352","page","type-page","status-publish","hentry","entry"],"_links":{"self":[{"href":"https:\/\/historischcafe.nl\/wordpress\/index.php?rest_route=\/wp\/v2\/pages\/2352","targetHints":{"allow":["GET"]}}],"collection":[{"href":"https:\/\/historischcafe.nl\/wordpress\/index.php?rest_route=\/wp\/v2\/pages"}],"about":[{"href":"https:\/\/historischcafe.nl\/wordpress\/index.php?rest_route=\/wp\/v2\/types\/page"}],"author":[{"embeddable":true,"href":"https:\/\/historischcafe.nl\/wordpress\/index.php?rest_route=\/wp\/v2\/users\/1"}],"replies":[{"embeddable":true,"href":"https:\/\/historischcafe.nl\/wordpress\/index.php?rest_route=%2Fwp%2Fv2%2Fcomments&post=2352"}],"version-history":[{"count":3,"href":"https:\/\/historischcafe.nl\/wordpress\/index.php?rest_route=\/wp\/v2\/pages\/2352\/revisions"}],"predecessor-version":[{"id":2357,"href":"https:\/\/historischcafe.nl\/wordpress\/index.php?rest_route=\/wp\/v2\/pages\/2352\/revisions\/2357"}],"up":[{"embeddable":true,"href":"https:\/\/historischcafe.nl\/wordpress\/index.php?rest_route=\/wp\/v2\/pages\/19"}],"wp:attachment":[{"href":"https:\/\/historischcafe.nl\/wordpress\/index.php?rest_route=%2Fwp%2Fv2%2Fmedia&parent=2352"}],"curies":[{"name":"wp","href":"https:\/\/api.w.org\/{rel}","templated":true}]}}

Historisch Café 12 april 2017

<h4>Programma Historisch Café 12 april 2017</h4>
<h5><span style="font-size: 1.1em; line-height: 1.2em;">20.00 uur &#8211; Geweld tegen vrouwen. Een nieuwe benadering door hoogleraar Renée Römkens</span></h5>
<p class="x_gmail-p1"><span class="x_gmail-s1"><img loading="lazy" decoding="async" class="alignleft size-medium wp-image-2353" src="https://historischcafe.nl/wordpress/wp-content/uploads/oratie-renee-romkens_0-300x175.jpg" alt="oratie-renee-romkens_0" width="300" height="175" srcset="https://historischcafe.nl/wordpress/wp-content/uploads/oratie-renee-romkens_0-300x175.jpg 300w, https://historischcafe.nl/wordpress/wp-content/uploads/oratie-renee-romkens_0-768x448.jpg 768w, https://historischcafe.nl/wordpress/wp-content/uploads/oratie-renee-romkens_0.jpg 780w" sizes="auto, (max-width: 300px) 100vw, 300px" />In het eerste onderdeel is Renée Römkens te gast. Zij werd op 3 maart 2017 benoemd tot bijzonder hoogleraar gendergerelateerd geweld aan de UvA. In het Historisch Café praten we met haar over de noodzaak om geweld tegen vrouwen te benaderen als een mensenrechtenschending en een probleem van discriminatie. Dit betekent een keerpunt in de benadering tot dusver dat geweld tegen vrouwen een maatschappelijk probleem is. </span></p>
<p class="x_gmail-p1"><span class="x_gmail-s1">De oratie van Römkens kun je <a href="https://www.atria.nl/sites/atria/files/atoms/files/oratie_renee_romkens_03032017.pdf" target="_blank">hier</a> lezen ter voorbereiding. </span></p>
<p class="x_gmail-p1"><span class="x_gmail-s1"><strong>Renée Römkens</strong> is directeur/bestuurder van Atria en bijzonder hoogleraar <em>Gender based violence</em> aan de Universiteit van Amsterdam. Ze studeerde criminologie en psychologie aan de Radboud Universiteit. Römkens werkte als onderzoeker / gasthoogleraar in binnen- en buitenland: Universiteit van Amsterdam, Universiteit Utrecht, New York University, Columbia University, University of Cape Town, University of the Western Cape, Universiteit Tilburg.</span></p>
<p class="x_gmail-p1"><span class="x_gmail-s1">Haar proefschrift Gewoon geweld? (Universiteit van Amsterdam, 1992, cum laude) was het eerste onderzoek in Europa naar omvang, aard, achtergronden en gevolgen van geweld tegen vrouwen in heteroseksuele relaties. Zij heeft veel gepubliceerd en deed diverse (Europese) onderzoeken naar wet- en regelgeving over geweld tegen vrouwen voor o.a. de Europese Commissie, Raad van Europa, EIGE (European Institute for Gender Equality) en als expert-lid van het European Network on Gender Expertise (ENEGE)). Haar huidige onderzoek focust op de impact van internationale mensenrechten op beleid en regelgeving op het gebied van gender gerelateerd geweld.</span></p>
<p class="x_gmail-p1"><span class="x_gmail-s1">Foto: Atria.nl </span></p>
<p class="x_gmail-p1"><em>Interviewer: Inger Schaap</em></p>
<h5>20.45 uur &#8211; Pauze</h5>
<h5>21.00 uur &#8211; Column van Gijs</h5>
<h5>21.05 uur &#8211; Christelijke jeugdverhalen over jodenbekering, 1792-2015</h5>
<p><img loading="lazy" decoding="async" class="alignright wp-image-2355 size-medium" src="https://historischcafe.nl/wordpress/wp-content/uploads/levis-eerste-kerstfeest-199x300.jpg" alt="levi's eerste kerstfeest" width="199" height="300" srcset="https://historischcafe.nl/wordpress/wp-content/uploads/levis-eerste-kerstfeest-199x300.jpg 199w, https://historischcafe.nl/wordpress/wp-content/uploads/levis-eerste-kerstfeest.jpg 464w" sizes="auto, (max-width: 199px) 100vw, 199px" />‘Izaak’s laatste nacht’, ‘Myriam, het Jodinnetje’, ‘Sara vindt haar zaligmaker’. Het zijn enkele titels in een lange lijst van protestantse en katholieke jeugdverhalen over jodenbekering die de afgelopen twee eeuwen in Nederland zijn verschenen. Onder invloed van de nieuwe christelijke zendingsdrang sinds de Verlichting en het belang van Bijbelstudie nam de interesse in jodenbekering toe. De belangstelling werd daarnaast aangezwengeld door de burgerlijke gelijkstelling van joden in Nederland in 1796.</p>
<p>Historicus Ewoud Sanders verzamelde 80 verhalen over jodenbekering en analyseerde deze voor zijn onlangs gepubliceerde proefschrift ‘Levi’s eerste kerstfeest’. De boekjes, bedoeld voor jonge kinderen, staan vol antisemitische elementen zoals ‘gebogen neuzen’ en ‘spugende joden’, maar die gaan hand in hand met ‘filosemitisme’; het koesteren van de joden als Gods uitverkoren volk. Opmerkelijk genoeg werden de verhalen tot in de twintigste eeuw in grote oplagen herdrukt en zijn er dus nog duizenden exemplaren in omloop. Het proefschrift dat Sanders afgelopen 3 maart verdedigde is niet onopgemerkt gebleven. Uitgeverij Den Hartog van het boekje <em>De zoektocht naar Lea Rachel</em> maakte onlangs bekend vanwege de commotie niet tot een herdruk over te gaan.</p>
<p>Wat vertelt de traditie van jeugdverhalen over jodenbekering ons over de verhoudingen tussen christenen en joden in Nederland? Wat waren de reacties van de joodse bevolking op dergelijke publicaties? Bracht de Tweede Wereldoorlog inhoudelijke veranderingen teweeg? Welke plaats neemt de publicatiegeschiedenis in binnen discussies over antisemitisme in Nederland?</p>
<p><strong>Ewoud Sanders </strong>is taalhistoricus en journalist. Hij publiceerde verschillende boeken over woorden en uitdrukkingen en voor <em>NRC Handelsblad</em> schrijft hij iedere week een column over taal. Daarnaast is hij specialist op het gebied van zoeken op internet en in databases. In 2014 verscheen <em>De handel en wandel van de boekenjood. Over vermaarde, vergeten en fictieve straatboekhandelaren</em>.</p>
<p><em>Interviewer: Lucia Admiraal</em></p>
<h5>22.00 uur &#8211; Borrel naar believen in P&#8217;96</h5>

<p>Programma Historisch Café 12 april 2017 20.00 uur &#8211; Geweld tegen vrouwen. Een nieuwe benadering door hoogleraar Renée Römkens In het eerste onderdeel is Renée Römkens te gast. Zij werd op 3 maart 2017 benoemd tot bijzonder hoogleraar gendergerelateerd geweld aan de UvA. In het Historisch Café praten we met haar over de noodzaak om geweld &hellip; </p>
<p class="link-more"><a href="https://historischcafe.nl/wordpress/?page_id=2352" class="more-link">Continue reading<span class="screen-reader-text"> &#8220;Historisch Café 12 april 2017&#8221;</span></a></p>
