{"id":2313,"date":"2017-01-05T15:27:50","date_gmt":"2017-01-05T14:27:50","guid":{"rendered":"http:\/\/historischcafe.nl\/wordpress\/?page_id=2313"},"modified":"2017-01-05T15:27:50","modified_gmt":"2017-01-05T14:27:50","slug":"programma-11-januari-2017","status":"publish","type":"page","link":"https:\/\/historischcafe.nl\/wordpress\/?page_id=2313","title":{"rendered":"Programma 11 januari 2017"},"content":{"rendered":"<h4>Programma Historisch Caf\u00e9 11 januari 2017<\/h4>\n<h6><span style=\"font-size: 1.1em; line-height: 1.2em;\">20.00 uur &#8211; Arbeiderspaleis Het Schip en Amsterdamse sociale woningbouw in het interbellum.<\/span><\/h6>\n<p><img loading=\"lazy\" decoding=\"async\" class=\"alignleft size-medium wp-image-2318\" src=\"https:\/\/historischcafe.nl\/wordpress\/wp-content\/uploads\/Het-Schip-1-300x225.jpg\" alt=\"Het Schip\" width=\"300\" height=\"225\" srcset=\"https:\/\/historischcafe.nl\/wordpress\/wp-content\/uploads\/Het-Schip-1-300x225.jpg 300w, https:\/\/historischcafe.nl\/wordpress\/wp-content\/uploads\/Het-Schip-1.jpg 640w\" sizes=\"auto, (max-width: 300px) 100vw, 300px\" \/><\/p>\n<p>Woningbouwcomplex Het Schip in de Spaarndammerbuurt is het hoogtepunt van de Amsterdamse volkshuisvesting van de jaren twintig. Tussen 1919 en 1921 gebouwd, was\u00a0zij tevens het visitekaartje van Amsterdamse-Schoolarchitect Michel de Klerk. Volgens hem was &#8220;niets mooi genoeg voor de arbeider, die al zo lang zonder schoonheid heeft moeten leven&#8221;.\u00a0Tegenwoordig zit er in een deel van het complex een museum, dat zich richt op de geschiedenis van de sociale woningbouw in het algemeen en de Amsterdamse School in het bijzonder.<\/p>\n<p>In het eerste deel van dit Historisch Caf\u00e9 &#8211; dat geheel is gewijd aan het Nederlandse interbellum &#8211; vertelt Ton Heijdra over deze bijzondere periode voor de volkshuisvesting. De Woningwet van 1901, waar het allemaal mee begon; de eerste Amsterdamse wethouder voor Volkshuisvesting Floor -&#8220;wie bouwt?&#8221;- Wibaut; de socialistische woningbouwvereniging Eigen Haard; en Arie Keppler, de eerste directeur van de Gemeentelijke Woningdienst. Al deze personen en onderwerpen zullen de revue passeren in dit interview.<\/p>\n<p><strong>Ton Heijdra\u00a0<\/strong>is sociaal-geograaf en een ware kenner van de Amsterdamse volksbuurten. Hij schreef talloze boeken (bijvoorbeeld over De Pijp en Nieuw-West) en geeft regelmatig lezingen over de geschiedenis van de Amsterdamse volkshuisvesting. \u00a0Daarnaast is hij op allerlei manieren (o.a. als rondleider) betrokken bij\u00a0Museum Het Schip, dat afgelopen zomer flink uitgebreid is.<\/p>\n<p><em>Interviewer:\u00a0Joppe Schaaper<\/em><\/p>\n<h5>20.45 uur &#8211; Pauze<\/h5>\n<h5>21.00 uur &#8211; De vergeten bankencrisis van 1924. Een interview met Lodewijk Petram.<\/h5>\n<p><img loading=\"lazy\" decoding=\"async\" class=\"alignright wp-image-2314 size-medium\" src=\"https:\/\/historischcafe.nl\/wordpress\/wp-content\/uploads\/De-Vergeten-Bankencrisis-193x300.jpg\" alt=\"De Vergeten Bankencrisis\" width=\"193\" height=\"300\" srcset=\"https:\/\/historischcafe.nl\/wordpress\/wp-content\/uploads\/De-Vergeten-Bankencrisis-193x300.jpg 193w, https:\/\/historischcafe.nl\/wordpress\/wp-content\/uploads\/De-Vergeten-Bankencrisis-768x1194.jpg 768w, https:\/\/historischcafe.nl\/wordpress\/wp-content\/uploads\/De-Vergeten-Bankencrisis-659x1024.jpg 659w, https:\/\/historischcafe.nl\/wordpress\/wp-content\/uploads\/De-Vergeten-Bankencrisis.jpg 800w\" sizes=\"auto, (max-width: 193px) 100vw, 193px\" \/>De bankencrisis in 2008 bracht een grote schokgolf teweeg in Nederland. Had niemand het aan zien komen? Onterecht, want Nederland had al ervaring met een bankencrisis. In de tachtig tussenliggende jaren is deze crisis van 1924 in de vergetelheid geraakt, maar Lodewijk Petram wist hem af te stoffen en te omlijsten in zodanig rake bewoordingen dat het boek een plek in de shortlist van de Libris Geschiedenis Prijs 2016 veroverde. Zie hieronder een filmpje.<\/p>\n<p>In &#8216;De vergeten bankencrisis&#8217; beschrijft Petram de tocht van de Robaver langs het randje van de afgrond. Hij bespreekt de politieke reacties en het ingrijpen van de Minister van Financi\u00ebn, destijds Hendrik Colijn. Petram weet de lezer mee te nemen in de nietsontziende drive van de directie van de Robaver om de grootste bank van Nederland te willen zijn, met alle gevolgen van dien.<\/p>\n<p>De recensent van het NRC oordeelde: &#8220;Voor wie de afgelopen jaren het financi\u00eble nieuws heeft gevolgd, is de lezing van dit boek \u00e9\u00e9n grote aha-erlebnis. Een pageturner.&#8221; Wees niet bevreesd, ook voor wie het financi\u00eble nieuws het liefste overslaat is dit een spannend boek.<\/p>\n<p><strong>Lodewijk Petram\u00a0<\/strong><span style=\"color: #000000;\">is in 2011<strong>\u00a0<\/strong>gepromoveerd op\u00a0de ontwikkeling van de handel in VOC-aandelen in zeventiende-eeuws Amsterdam. Over datzelfde onderwerp heeft hij vervolgens <em>De bakermat van de beurs<\/em> geschreven. Dit boek werd\u00a0bekroond met de Dirk Jacob Veegensprijs. Zijn nieuwste project richt zich op de Nederlandse\u00a0mannen (en een paar vrouwen) die zich aansloten bij de Internationale Brigades in de Spaanse Burgeroorlog (1936-1939).<\/span><\/p>\n<p><em>Interviewer: Inger Schaap<\/em><\/p>\n<h5>22.00 uur &#8211; Borrel naar believen in P&#8217;96<\/h5>\n<p><a href=\"https:\/\/www.youtube.com\/watch?v=x3SFe8xQgpQ&#038;feature=youtu.be&#038;list=PLUYtko1DJIfsjz2k1bGC_5-zEoadmwVND%20\">https:\/\/www.youtube.com\/watch?v=x3SFe8xQgpQ&amp;feature=youtu.be&amp;list=PLUYtko1DJIfsjz2k1bGC_5-zEoadmwVND%20<\/a><\/p>\n","protected":false},"excerpt":{"rendered":"<p>Programma Historisch Caf\u00e9 11 januari 2017 20.00 uur &#8211; Arbeiderspaleis Het Schip en Amsterdamse sociale woningbouw in het interbellum. Woningbouwcomplex Het Schip in de Spaarndammerbuurt is het hoogtepunt van de Amsterdamse volkshuisvesting van de jaren twintig. Tussen 1919 en 1921 gebouwd, was\u00a0zij tevens het visitekaartje van Amsterdamse-Schoolarchitect Michel de Klerk. Volgens hem was &#8220;niets mooi &hellip; <\/p>\n<p class=\"link-more\"><a href=\"https:\/\/historischcafe.nl\/wordpress\/?page_id=2313\" class=\"more-link\">Continue reading<span class=\"screen-reader-text\"> &#8220;Programma 11 januari 2017&#8221;<\/span><\/a><\/p>\n","protected":false},"author":1,"featured_media":0,"parent":19,"menu_order":0,"comment_status":"closed","ping_status":"closed","template":"","meta":{"footnotes":""},"class_list":["post-2313","page","type-page","status-publish","hentry","entry"],"_links":{"self":[{"href":"https:\/\/historischcafe.nl\/wordpress\/index.php?rest_route=\/wp\/v2\/pages\/2313","targetHints":{"allow":["GET"]}}],"collection":[{"href":"https:\/\/historischcafe.nl\/wordpress\/index.php?rest_route=\/wp\/v2\/pages"}],"about":[{"href":"https:\/\/historischcafe.nl\/wordpress\/index.php?rest_route=\/wp\/v2\/types\/page"}],"author":[{"embeddable":true,"href":"https:\/\/historischcafe.nl\/wordpress\/index.php?rest_route=\/wp\/v2\/users\/1"}],"replies":[{"embeddable":true,"href":"https:\/\/historischcafe.nl\/wordpress\/index.php?rest_route=%2Fwp%2Fv2%2Fcomments&post=2313"}],"version-history":[{"count":5,"href":"https:\/\/historischcafe.nl\/wordpress\/index.php?rest_route=\/wp\/v2\/pages\/2313\/revisions"}],"predecessor-version":[{"id":2321,"href":"https:\/\/historischcafe.nl\/wordpress\/index.php?rest_route=\/wp\/v2\/pages\/2313\/revisions\/2321"}],"up":[{"embeddable":true,"href":"https:\/\/historischcafe.nl\/wordpress\/index.php?rest_route=\/wp\/v2\/pages\/19"}],"wp:attachment":[{"href":"https:\/\/historischcafe.nl\/wordpress\/index.php?rest_route=%2Fwp%2Fv2%2Fmedia&parent=2313"}],"curies":[{"name":"wp","href":"https:\/\/api.w.org\/{rel}","templated":true}]}}