{"id":2239,"date":"2016-07-19T13:23:16","date_gmt":"2016-07-19T12:23:16","guid":{"rendered":"http:\/\/historischcafe.nl\/wordpress\/?page_id=2239"},"modified":"2016-07-19T13:23:27","modified_gmt":"2016-07-19T12:23:27","slug":"een-kleine-milieugeschiedenis-11-mei-2016","status":"publish","type":"page","link":"https:\/\/historischcafe.nl\/wordpress\/?page_id=2239","title":{"rendered":"Een kleine milieugeschiedenis (11 mei 2016)"},"content":{"rendered":"<h4><strong>Een kleine milieugeschiedenis<\/strong><\/h4>\n<p><em>door Gijs Sevenhuijsen<\/em><\/p>\n<p>Volgens een onlangs verschenen boek begon alle ellende lang geleden met de agrarische revolutie. De mens ging landbouw bedrijven, een careerchange van jewelste, als \u00a0jager verzamelaar stevende\u00a0 hij kennelijk af op een forse burn-out.<\/p>\n<p>De oplossing bleek erger dan de kwaal: bezit werd uitgevonden, het verschil in bezit werd ge\u00efnstitutionaliseerd in hi\u00ebrarchie, alleenheerschappij en mannelijke dominantie kwamen op, religie evolueerde zich simultaan tot monothe\u00efsme, de mens onderwierp zich aan de terreur van een alom aanwezige jaloerse god.<\/p>\n<p>Maar het ergst van al was dat voedsel werd gegenereerd door de toepassing van schijt. Mest de bruine motor. De wereld begon te stinken.<\/p>\n<p>In de loop der eeuwen vond verdere afglijding plaats, van dierlijke mest op de akkers naar bemesting met menselijk stront aan het eind van de Middeleeuwen. Dat wordt weer beschreven in een ander onlangs verschenen boek.\u00a0 Een geschiedenis van de beerput: de logistiek van de verwerking van menselijk afval.<\/p>\n<p><img loading=\"lazy\" decoding=\"async\" class=\"alignright wp-image-2240 \" src=\"https:\/\/historischcafe.nl\/wordpress\/wp-content\/uploads\/0001-724x1024.jpg\" alt=\"0001\" width=\"557\" height=\"788\" srcset=\"https:\/\/historischcafe.nl\/wordpress\/wp-content\/uploads\/0001-724x1024.jpg 724w, https:\/\/historischcafe.nl\/wordpress\/wp-content\/uploads\/0001-212x300.jpg 212w, https:\/\/historischcafe.nl\/wordpress\/wp-content\/uploads\/0001-768x1086.jpg 768w\" sizes=\"auto, (max-width: 557px) 100vw, 557px\" \/><\/p>\n<p>Wat eet een mens? Schijt. Wat schijt een mens? Eten. De mens gevangen in zijn eigen voedsel keten.<\/p>\n<p>Mann ist was man isst. Men is wat men eet. Een citaat afkomstig van Karl Marx. Hij wilde er menselijk onderscheid mee aangeven.\u00a0 De ene klasse eet wat anders dan de andere.\u00a0 Maar uiteindelijk produceren we allemaal schijt, wil ik hierbij tegenwerpen. Om een oude reclame voor een merk wc-papier aan te halen: koning, keizer, admiraal, Popla \u2013 het merk &#8211; \u00a0gebruiken we allemaal. Er zouden ook andere beroepsgroepen genoemd kunnen worden.<\/p>\n<p>In schijt geen onderscheid. We zijn allemaal hetzelfde. Napoleon had dat goed begrepen.\u00a0 Hij schold eens zijn minister van buitenlandse zaken, Talleyrand, een man van hoge adelijke afkomst die de stormen van de Franse Revolutie glansrijk had overleefd, uit voor een zijden kous gevuld met stront.<\/p>\n<p>(Maar om in \u00e9\u00e9n rotte adem Napoleon\u2019s veldtochten, waarbij hij de Europese velden omploegde tot dodenakkers, een eerste vorm van Europese landbouwpolitiek te noemen, dat gaat mij te ver).<\/p>\n<p>Een ander voorbeeld van de nivellerende werking van schijt: Versailles waar de adel door het ontbreken van toiletten gewoon in een hoekje zijn behoefte deed \u00a0stonk net zo erg als een gemiddelde boerenhoeve.<\/p>\n<p>Toegegeven, er\u00a0 bestonden ook verschillen: de inhoud van een beerput in een rijke buurt van Amsterdam bevatte naast stront ook ander afval. De beerput in een arme buurt\u00a0 bevatte alleen maar stront. Jerzy Gawronski de stadsarcheoloog van Amsterdam merkte onlangs op dat de mensen van een bepaalde buurt zo arm waren dat ze geen afval hadden. En daarmee gedoemd tot anonimiteit.<\/p>\n<p>Milieubewust zouden we dat tegenwoordig noemen. Maar vroeger had de term milieu vooral een sociale lading. Een Amsterdamse socialist \u00a0uit de eerste helft van de 20<sup>e<\/sup> eeuw bepaalde dat Jordaanbewoners die in zijn ogen onaangepast\u00a0 gedrag vertoonden\u00a0 maar beter opgesloten konden worden in een ommuurd wijkje in Noord, Asterdorp geheten. \u00a0Onaangepast gedrag houdt hier vooral in niet hygi\u00ebnisch genoeg. Met andere woorden: deze mensen hadden schijt aan alles.<\/p>\n","protected":false},"excerpt":{"rendered":"<p>Een kleine milieugeschiedenis door Gijs Sevenhuijsen Volgens een onlangs verschenen boek begon alle ellende lang geleden met de agrarische revolutie. De mens ging landbouw bedrijven, een careerchange van jewelste, als \u00a0jager verzamelaar stevende\u00a0 hij kennelijk af op een forse burn-out. De oplossing bleek erger dan de kwaal: bezit werd uitgevonden, het verschil in bezit werd &hellip; <\/p>\n<p class=\"link-more\"><a href=\"https:\/\/historischcafe.nl\/wordpress\/?page_id=2239\" class=\"more-link\">Continue reading<span class=\"screen-reader-text\"> &#8220;Een kleine milieugeschiedenis (11 mei 2016)&#8221;<\/span><\/a><\/p>\n","protected":false},"author":1,"featured_media":0,"parent":71,"menu_order":0,"comment_status":"closed","ping_status":"closed","template":"","meta":{"footnotes":""},"class_list":["post-2239","page","type-page","status-publish","hentry","entry"],"_links":{"self":[{"href":"https:\/\/historischcafe.nl\/wordpress\/index.php?rest_route=\/wp\/v2\/pages\/2239","targetHints":{"allow":["GET"]}}],"collection":[{"href":"https:\/\/historischcafe.nl\/wordpress\/index.php?rest_route=\/wp\/v2\/pages"}],"about":[{"href":"https:\/\/historischcafe.nl\/wordpress\/index.php?rest_route=\/wp\/v2\/types\/page"}],"author":[{"embeddable":true,"href":"https:\/\/historischcafe.nl\/wordpress\/index.php?rest_route=\/wp\/v2\/users\/1"}],"replies":[{"embeddable":true,"href":"https:\/\/historischcafe.nl\/wordpress\/index.php?rest_route=%2Fwp%2Fv2%2Fcomments&post=2239"}],"version-history":[{"count":1,"href":"https:\/\/historischcafe.nl\/wordpress\/index.php?rest_route=\/wp\/v2\/pages\/2239\/revisions"}],"predecessor-version":[{"id":2241,"href":"https:\/\/historischcafe.nl\/wordpress\/index.php?rest_route=\/wp\/v2\/pages\/2239\/revisions\/2241"}],"up":[{"embeddable":true,"href":"https:\/\/historischcafe.nl\/wordpress\/index.php?rest_route=\/wp\/v2\/pages\/71"}],"wp:attachment":[{"href":"https:\/\/historischcafe.nl\/wordpress\/index.php?rest_route=%2Fwp%2Fv2%2Fmedia&parent=2239"}],"curies":[{"name":"wp","href":"https:\/\/api.w.org\/{rel}","templated":true}]}}

<h4><strong>Een kleine milieugeschiedenis</strong></h4>
<p><em>door Gijs Sevenhuijsen</em></p>
<p>Volgens een onlangs verschenen boek begon alle ellende lang geleden met de agrarische revolutie. De mens ging landbouw bedrijven, een careerchange van jewelste, als  jager verzamelaar stevende  hij kennelijk af op een forse burn-out.</p>
<p>De oplossing bleek erger dan de kwaal: bezit werd uitgevonden, het verschil in bezit werd geïnstitutionaliseerd in hiërarchie, alleenheerschappij en mannelijke dominantie kwamen op, religie evolueerde zich simultaan tot monotheïsme, de mens onderwierp zich aan de terreur van een alom aanwezige jaloerse god.</p>
<p>Maar het ergst van al was dat voedsel werd gegenereerd door de toepassing van schijt. Mest de bruine motor. De wereld begon te stinken.</p>
<p>In de loop der eeuwen vond verdere afglijding plaats, van dierlijke mest op de akkers naar bemesting met menselijk stront aan het eind van de Middeleeuwen. Dat wordt weer beschreven in een ander onlangs verschenen boek.  Een geschiedenis van de beerput: de logistiek van de verwerking van menselijk afval.</p>
<p><img loading="lazy" decoding="async" class="alignright wp-image-2240 " src="https://historischcafe.nl/wordpress/wp-content/uploads/0001-724x1024.jpg" alt="0001" width="557" height="788" srcset="https://historischcafe.nl/wordpress/wp-content/uploads/0001-724x1024.jpg 724w, https://historischcafe.nl/wordpress/wp-content/uploads/0001-212x300.jpg 212w, https://historischcafe.nl/wordpress/wp-content/uploads/0001-768x1086.jpg 768w" sizes="auto, (max-width: 557px) 100vw, 557px" /></p>
<p>Wat eet een mens? Schijt. Wat schijt een mens? Eten. De mens gevangen in zijn eigen voedsel keten.</p>
<p>Mann ist was man isst. Men is wat men eet. Een citaat afkomstig van Karl Marx. Hij wilde er menselijk onderscheid mee aangeven.  De ene klasse eet wat anders dan de andere.  Maar uiteindelijk produceren we allemaal schijt, wil ik hierbij tegenwerpen. Om een oude reclame voor een merk wc-papier aan te halen: koning, keizer, admiraal, Popla – het merk &#8211;  gebruiken we allemaal. Er zouden ook andere beroepsgroepen genoemd kunnen worden.</p>
<p>In schijt geen onderscheid. We zijn allemaal hetzelfde. Napoleon had dat goed begrepen.  Hij schold eens zijn minister van buitenlandse zaken, Talleyrand, een man van hoge adelijke afkomst die de stormen van de Franse Revolutie glansrijk had overleefd, uit voor een zijden kous gevuld met stront.</p>
<p>(Maar om in één rotte adem Napoleon’s veldtochten, waarbij hij de Europese velden omploegde tot dodenakkers, een eerste vorm van Europese landbouwpolitiek te noemen, dat gaat mij te ver).</p>
<p>Een ander voorbeeld van de nivellerende werking van schijt: Versailles waar de adel door het ontbreken van toiletten gewoon in een hoekje zijn behoefte deed  stonk net zo erg als een gemiddelde boerenhoeve.</p>
<p>Toegegeven, er  bestonden ook verschillen: de inhoud van een beerput in een rijke buurt van Amsterdam bevatte naast stront ook ander afval. De beerput in een arme buurt  bevatte alleen maar stront. Jerzy Gawronski de stadsarcheoloog van Amsterdam merkte onlangs op dat de mensen van een bepaalde buurt zo arm waren dat ze geen afval hadden. En daarmee gedoemd tot anonimiteit.</p>
<p>Milieubewust zouden we dat tegenwoordig noemen. Maar vroeger had de term milieu vooral een sociale lading. Een Amsterdamse socialist  uit de eerste helft van de 20<sup>e</sup> eeuw bepaalde dat Jordaanbewoners die in zijn ogen onaangepast  gedrag vertoonden  maar beter opgesloten konden worden in een ommuurd wijkje in Noord, Asterdorp geheten.  Onaangepast gedrag houdt hier vooral in niet hygiënisch genoeg. Met andere woorden: deze mensen hadden schijt aan alles.</p>
