{"id":2169,"date":"2016-02-28T18:42:50","date_gmt":"2016-02-28T17:42:50","guid":{"rendered":"http:\/\/historischcafe.nl\/wordpress\/?page_id=2169"},"modified":"2016-02-28T18:42:57","modified_gmt":"2016-02-28T17:42:57","slug":"lange-tanden-10-februari-2016","status":"publish","type":"page","link":"https:\/\/historischcafe.nl\/wordpress\/?page_id=2169","title":{"rendered":"Lange tanden (10 februari 2016)"},"content":{"rendered":"<h4><b>Lange tanden<\/b><\/h4>\n<p><em>door Gijs Sevenhuijsen<\/em><\/p>\n<p>Hallo ik ben Gijs en dat weten jullie nou zo langzamerhand wel. En dat ik tekenaar, archivaris en columnist ben moet zo onderhand ook wel eens bekend bij jullie zijn. Jullie merken het, ik heb er echt zin in vanavond\u2026<\/p>\n<p>Wat eten we vanavond? Stamppot. Wat is er in het Historisch Caf\u00e9 vanavond? De Tweede Wereldoorlog. \u00a0Met als nieuw ingredi\u00ebnt het gevangeniswezen weliswaar, maar toch. \u00a0Jullie weten zo langzamerhand wel zo\u2019n beetje alles over die oorlog, toch? Dat dit eeuwige menu jullie nooit gaat vervelen! Dat jullie steeds weer terugkomen! Dat verbaast me oprecht.<\/p>\n<p>Het inspireert mij in ieder geval niet tot een tekening. En ik had bovendien net besloten om in kleur te gaan werken. Vaarwel zwart, wit en grijs vooral. Met de Tweede Wereldoorlog geen kleurexplosie, hoogstens wat tinten bruin, wat rood en een klein spikkeltje oranje. Dat schiet niet op.<\/p>\n<p>Nee, het is een donkergrijze februari dag, en we gaan weer treurig zitten sippen achter een biertje in het Historisch Caf\u00e9 om te luisteren naar oorlogsverhalen. Wat is het alternatief? Carnaval vieren onder de rivieren soms? In een als stamppot zo afgezaagde boerenkiel dwangmatig hossen en zuipen op het verregende dorpsplein van Maaskantje zeker! Zo ordinair. Zo niet ons <i>seurt <\/i>mensen bovendien.<\/p>\n<p><img loading=\"lazy\" decoding=\"async\" class=\"alignright  wp-image-2170\" alt=\"Prent Februari 2\" src=\"https:\/\/historischcafe.nl\/wordpress\/wp-content\/uploads\/Prent-Februari-2-212x300.jpg\" width=\"412\" height=\"500\" \/><\/p>\n<p>Dat brengt me op het andere onderwerp van vanavond: een biografie over een VVD-dame. Keurig onderwerp natuurlijk, maar hier word ik nou ook niet meteen enthousiast van. Hoewel \u00a0haar naam wel iets vrolijks oproept: Haya van Someren!<\/p>\n<p>Ik ga even googelen. Best een mooie dame. Wat heet:\u00a0 <i>een fruitig toetje, man!<\/i> \u00a0Zwoele ogen, hoge jukbeenderen, volle mond met daarin een rij enorme tanden. Een mond die op elke foto in een stand is die de klank van een flinke hete aardappel in de keel doet vermoeden. Op YouTube vind ik een geluidsfragment. Inderdaad: een aardappel z\u00f3 groot dat die als compleet maal een hele familie Brabantse aardappeleters kan verzadigen, <i>zakmazechuh<\/i>. Makkelijk.<\/p>\n<p>Haya was altijd kapitaalkrachtig gecoiffeerd, eerst veel \u00a0uitbundig krulspeldenwerk, in latere jaren meer een helmkapsel zoals bij andere powervrouwen, zoals\u2026 een Beatrix\u2026 een Thatcher. Kijk, daar zit een tekening in. Een poster wellicht zelfs, waar ik mijn rechtse <i>vrindjes<\/i> alsnog blij mee zou kunnen maken. Hadden in hun studententijd geen alternatief voor de Che Guevarra-poster van hun linkse tegenstrevers. Voelde toch als een gemis.<\/p>\n<p>Haya, de vrouw met de naam als een schaatsyell, was ook stoer lees ik: jongste vrouwelijke kamerlid, moeder geworden maar gewoon stug doorgaan met werken, eerste vrouwelijke partijvoorzitter in Nederland, hield van hockey maar deed ook fanatiek aan judo. Er is een schitterende foto waarop Haya een tegenstander door de lucht zwiept. Poetin doet dat echt niet beter.<\/p>\n<p>Maar er is een keerzijde. Ze komt uit een NSB-nest. H\u00e8 nee \u2026 H\u00e1\u00e1y\u00e1\u00e1h! En ja hoor, daar gaan we weer: daar is gesteggel over tussen de biografe en VVD-partij als opdrachtgever.\u00a0 Arme Haya, haar meisjes naam was overigens \u00a0<i>Downer,<\/i> me dunkt<i> . <\/i>En arme wij: weer die oorlog!<\/p>\n<p>Ik probeer mijn zinnen te verzetten en denk aan de betere tijden van voor mijn oorlogsverleden bij het Historisch Caf\u00e9. Zo ben ik ooit zo\u2019n tien jaar geleden in februari \u00a0met mijn toenmalige Duitse vriendin Kathrin en mijn <i>vrindje<\/i> Steven naar het Carnaval in Keulen geweest, toen nog een leuke stad.<\/p>\n<p>Onder weg in de trein, in de door keurige jasje-dasje-zakenlui bevolkte 1<sup>e<\/sup> klasse, zetten we gniffelend onze mega afro-pruiken op. We gingen ons verkleden als Jiskefets witte Afrikaan Oboema Toedelesedoki. \u00a0Zei die Duitsers niets natuurlijk, en die paar Grenzpolizisten werden ook \u00a0niet echt zenuwachtig van onze vrolijke multi-culti-outfits. Toen nog niet. Niet veel later aangekomen in de Keulse Hauptbahnhoff \u00a0gingen stuiterend van pret op in een vrolijke menigte. Toen nog wel.<\/p>\n<p>Ik herinner me nu \u00e9\u00e9n persoon van dat Carnaval in het bijzonder. Een prachtige jonge vrouw, een beetje saai verkleed in een tandarts-pakje, dat wel. Maar mijn verassing was groot toen ze lachend haar mond opende en een griezelig natuurgetrouw en vlijmscherp Dracula-gebit liet zien. Ze stelde zich voor als \u201cMonika, und mein Beruf ist Zahn-Technikerin\u201d, zoals Duitsers dat zo geil kunnen zeggen. Had ze zelf gemaakt, die tanden, vertelde ze.\u00a0 Hopelijk heeft ze die dit jaar niet hoeven gebruiken.<\/p>\n<p><em>Uitgesproken tijdens het Historisch Caf\u00e9 van 10 februari 2016<\/em><\/p>\n","protected":false},"excerpt":{"rendered":"<p>Lange tanden door Gijs Sevenhuijsen Hallo ik ben Gijs en dat weten jullie nou zo langzamerhand wel. En dat ik tekenaar, archivaris en columnist ben moet zo onderhand ook wel eens bekend bij jullie zijn. Jullie merken het, ik heb er echt zin in vanavond\u2026 Wat eten we vanavond? Stamppot. Wat is er in het &hellip; <\/p>\n<p class=\"link-more\"><a href=\"https:\/\/historischcafe.nl\/wordpress\/?page_id=2169\" class=\"more-link\">Continue reading<span class=\"screen-reader-text\"> &#8220;Lange tanden (10 februari 2016)&#8221;<\/span><\/a><\/p>\n","protected":false},"author":1,"featured_media":0,"parent":71,"menu_order":0,"comment_status":"open","ping_status":"open","template":"","meta":{"footnotes":""},"class_list":["post-2169","page","type-page","status-publish","hentry","entry"],"_links":{"self":[{"href":"https:\/\/historischcafe.nl\/wordpress\/index.php?rest_route=\/wp\/v2\/pages\/2169","targetHints":{"allow":["GET"]}}],"collection":[{"href":"https:\/\/historischcafe.nl\/wordpress\/index.php?rest_route=\/wp\/v2\/pages"}],"about":[{"href":"https:\/\/historischcafe.nl\/wordpress\/index.php?rest_route=\/wp\/v2\/types\/page"}],"author":[{"embeddable":true,"href":"https:\/\/historischcafe.nl\/wordpress\/index.php?rest_route=\/wp\/v2\/users\/1"}],"replies":[{"embeddable":true,"href":"https:\/\/historischcafe.nl\/wordpress\/index.php?rest_route=%2Fwp%2Fv2%2Fcomments&post=2169"}],"version-history":[{"count":1,"href":"https:\/\/historischcafe.nl\/wordpress\/index.php?rest_route=\/wp\/v2\/pages\/2169\/revisions"}],"predecessor-version":[{"id":2171,"href":"https:\/\/historischcafe.nl\/wordpress\/index.php?rest_route=\/wp\/v2\/pages\/2169\/revisions\/2171"}],"up":[{"embeddable":true,"href":"https:\/\/historischcafe.nl\/wordpress\/index.php?rest_route=\/wp\/v2\/pages\/71"}],"wp:attachment":[{"href":"https:\/\/historischcafe.nl\/wordpress\/index.php?rest_route=%2Fwp%2Fv2%2Fmedia&parent=2169"}],"curies":[{"name":"wp","href":"https:\/\/api.w.org\/{rel}","templated":true}]}}

<h4><b>Lange tanden</b></h4>
<p><em>door Gijs Sevenhuijsen</em></p>
<p>Hallo ik ben Gijs en dat weten jullie nou zo langzamerhand wel. En dat ik tekenaar, archivaris en columnist ben moet zo onderhand ook wel eens bekend bij jullie zijn. Jullie merken het, ik heb er echt zin in vanavond…</p>
<p>Wat eten we vanavond? Stamppot. Wat is er in het Historisch Café vanavond? De Tweede Wereldoorlog.  Met als nieuw ingrediënt het gevangeniswezen weliswaar, maar toch.  Jullie weten zo langzamerhand wel zo’n beetje alles over die oorlog, toch? Dat dit eeuwige menu jullie nooit gaat vervelen! Dat jullie steeds weer terugkomen! Dat verbaast me oprecht.</p>
<p>Het inspireert mij in ieder geval niet tot een tekening. En ik had bovendien net besloten om in kleur te gaan werken. Vaarwel zwart, wit en grijs vooral. Met de Tweede Wereldoorlog geen kleurexplosie, hoogstens wat tinten bruin, wat rood en een klein spikkeltje oranje. Dat schiet niet op.</p>
<p>Nee, het is een donkergrijze februari dag, en we gaan weer treurig zitten sippen achter een biertje in het Historisch Café om te luisteren naar oorlogsverhalen. Wat is het alternatief? Carnaval vieren onder de rivieren soms? In een als stamppot zo afgezaagde boerenkiel dwangmatig hossen en zuipen op het verregende dorpsplein van Maaskantje zeker! Zo ordinair. Zo niet ons <i>seurt </i>mensen bovendien.</p>
<p><img loading="lazy" decoding="async" class="alignright  wp-image-2170" alt="Prent Februari 2" src="https://historischcafe.nl/wordpress/wp-content/uploads/Prent-Februari-2-212x300.jpg" width="412" height="500" /></p>
<p>Dat brengt me op het andere onderwerp van vanavond: een biografie over een VVD-dame. Keurig onderwerp natuurlijk, maar hier word ik nou ook niet meteen enthousiast van. Hoewel  haar naam wel iets vrolijks oproept: Haya van Someren!</p>
<p>Ik ga even googelen. Best een mooie dame. Wat heet:  <i>een fruitig toetje, man!</i>  Zwoele ogen, hoge jukbeenderen, volle mond met daarin een rij enorme tanden. Een mond die op elke foto in een stand is die de klank van een flinke hete aardappel in de keel doet vermoeden. Op YouTube vind ik een geluidsfragment. Inderdaad: een aardappel zó groot dat die als compleet maal een hele familie Brabantse aardappeleters kan verzadigen, <i>zakmazechuh</i>. Makkelijk.</p>
<p>Haya was altijd kapitaalkrachtig gecoiffeerd, eerst veel  uitbundig krulspeldenwerk, in latere jaren meer een helmkapsel zoals bij andere powervrouwen, zoals… een Beatrix… een Thatcher. Kijk, daar zit een tekening in. Een poster wellicht zelfs, waar ik mijn rechtse <i>vrindjes</i> alsnog blij mee zou kunnen maken. Hadden in hun studententijd geen alternatief voor de Che Guevarra-poster van hun linkse tegenstrevers. Voelde toch als een gemis.</p>
<p>Haya, de vrouw met de naam als een schaatsyell, was ook stoer lees ik: jongste vrouwelijke kamerlid, moeder geworden maar gewoon stug doorgaan met werken, eerste vrouwelijke partijvoorzitter in Nederland, hield van hockey maar deed ook fanatiek aan judo. Er is een schitterende foto waarop Haya een tegenstander door de lucht zwiept. Poetin doet dat echt niet beter.</p>
<p>Maar er is een keerzijde. Ze komt uit een NSB-nest. Hè nee … Hááyááh! En ja hoor, daar gaan we weer: daar is gesteggel over tussen de biografe en VVD-partij als opdrachtgever.  Arme Haya, haar meisjes naam was overigens  <i>Downer,</i> me dunkt<i> . </i>En arme wij: weer die oorlog!</p>
<p>Ik probeer mijn zinnen te verzetten en denk aan de betere tijden van voor mijn oorlogsverleden bij het Historisch Café. Zo ben ik ooit zo’n tien jaar geleden in februari  met mijn toenmalige Duitse vriendin Kathrin en mijn <i>vrindje</i> Steven naar het Carnaval in Keulen geweest, toen nog een leuke stad.</p>
<p>Onder weg in de trein, in de door keurige jasje-dasje-zakenlui bevolkte 1<sup>e</sup> klasse, zetten we gniffelend onze mega afro-pruiken op. We gingen ons verkleden als Jiskefets witte Afrikaan Oboema Toedelesedoki.  Zei die Duitsers niets natuurlijk, en die paar Grenzpolizisten werden ook  niet echt zenuwachtig van onze vrolijke multi-culti-outfits. Toen nog niet. Niet veel later aangekomen in de Keulse Hauptbahnhoff  gingen stuiterend van pret op in een vrolijke menigte. Toen nog wel.</p>
<p>Ik herinner me nu één persoon van dat Carnaval in het bijzonder. Een prachtige jonge vrouw, een beetje saai verkleed in een tandarts-pakje, dat wel. Maar mijn verassing was groot toen ze lachend haar mond opende en een griezelig natuurgetrouw en vlijmscherp Dracula-gebit liet zien. Ze stelde zich voor als “Monika, und mein Beruf ist Zahn-Technikerin”, zoals Duitsers dat zo geil kunnen zeggen. Had ze zelf gemaakt, die tanden, vertelde ze.  Hopelijk heeft ze die dit jaar niet hoeven gebruiken.</p>
<p><em>Uitgesproken tijdens het Historisch Café van 10 februari 2016</em></p>
