{"id":2096,"date":"2015-12-28T17:08:38","date_gmt":"2015-12-28T16:08:38","guid":{"rendered":"http:\/\/historischcafe.nl\/wordpress\/?page_id=2096"},"modified":"2016-01-01T23:40:56","modified_gmt":"2016-01-01T22:40:56","slug":"programma-13-januari-2016","status":"publish","type":"page","link":"https:\/\/historischcafe.nl\/wordpress\/?page_id=2096","title":{"rendered":"Programma 13 januari 2016"},"content":{"rendered":"<h4>20:00 &#8211; 20:45 Sytze van der Zee over Fran\u00e7ois van \u2019t Sant<\/h4>\n<p><a href=\"http:\/\/www.debezigebij.nl\/web\/Zojuist-verschenen\/Boek\/9789023496854_Harer-Majesteits-loyaalste-onderdaan.htm\"><img loading=\"lazy\" decoding=\"async\" class=\" wp-image-2099 alignleft\" alt=\"sant\" src=\"https:\/\/historischcafe.nl\/wordpress\/wp-content\/uploads\/sant-188x300.jpg\" width=\"132\" height=\"210\" srcset=\"https:\/\/historischcafe.nl\/wordpress\/wp-content\/uploads\/sant-188x300.jpg 188w, https:\/\/historischcafe.nl\/wordpress\/wp-content\/uploads\/sant.jpg 235w\" sizes=\"auto, (max-width: 132px) 100vw, 132px\" \/><\/a>Veertig jaar lang was het leven van Fran\u00e7ois van \u2019t Sant verbonden met het Koninklijk Huis. Als kersverse hoofdcommissaris van de politie in Den Haag werd hij de vertrouwensman van koningin Wilhelmina, die de affaires van haar man uit de wereld moest helpen. Nadat Van \u2019t Sant als gevolg van een schandaal ontslag moest nemen als hoofdcommissaris, benoemde zij hem tot haar veiligheidsadviseur. <img loading=\"lazy\" decoding=\"async\" class=\"wp-image-2101 alignright\" alt=\"19893_Zee van der Sytze kl2-\u00a9 Keke Keukelaar- AEG voor BB en pers tot 30-6-2013\" src=\"https:\/\/historischcafe.nl\/wordpress\/wp-content\/uploads\/19893_Zee-van-der-Sytze-kl2-\u00a9-Keke-Keukelaar-AEG-voor-BB-en-pers-tot-30-6-2013-200x300.jpg\" width=\"140\" height=\"210\" srcset=\"https:\/\/historischcafe.nl\/wordpress\/wp-content\/uploads\/19893_Zee-van-der-Sytze-kl2-\u00a9-Keke-Keukelaar-AEG-voor-BB-en-pers-tot-30-6-2013-200x300.jpg 200w, https:\/\/historischcafe.nl\/wordpress\/wp-content\/uploads\/19893_Zee-van-der-Sytze-kl2-\u00a9-Keke-Keukelaar-AEG-voor-BB-en-pers-tot-30-6-2013-682x1024.jpg 682w, https:\/\/historischcafe.nl\/wordpress\/wp-content\/uploads\/19893_Zee-van-der-Sytze-kl2-\u00a9-Keke-Keukelaar-AEG-voor-BB-en-pers-tot-30-6-2013.jpg 945w\" sizes=\"auto, (max-width: 140px) 100vw, 140px\" \/><\/p>\n<p>Bij de Duitse inval in 1940 vluchtte hij met Wilhelmina naar Londen, waar hij haar particulier secretaris werd en de leiding kreeg over de Nederlandse geheime dienst. Later werd hij van verraad beschuldigd. Na de oorlog bleef hij teleurgesteld achter in Londen. Hij behield echter het vertrouwen van het hof: in de jaren vijftig adviseerde hij zowel koningin Juliana als prins Bernhard tijdens de geruchtmakende Greet Hofmansaffaire.<\/p>\n<p>Fran\u00e7ois van \u2019t Sant geldt als een van de meest mysterieuze figuren uit de hedendaagse Nederlandse geschiedenis en hij droeg zelf aan de mythevorming bij door zijn persoonlijke documenten te vernietigen. Sytze van der Zee wist zijn verhaal te reconstrueren en deze controversi\u00eble en fascinerende figuur weer tot leven te wekken. En passant ontdekte Van der Zee bewijsstukken voor een couppoging waarbij ook de Soldaat van Oranje betrokken was.<\/p>\n<p><strong>Sytze van der Zee<\/strong> (1939) werd in Hilversum geboren. Hij publiceerde o.a. het autobiografische\u00a0<i>Potgieterlaan 7<\/i>\u00a0(1997), getiteld naar het adres waar hij als zoon van een NSB\u2019er opgroeide. Zijn boeken hebben veelal moord of oorlog als thematiek.\u00a0V\u00f3\u00f3r zijn schrijverscarri\u00e8re was hij werkzaam als journalist; in 1963 begon hij bij het\u00a0<i>Nieuw Utrechts Dagblad<\/i>. Via het\u00a0<i>Algemeen Handelsblad<\/i>\u00a0werd hij correspondent van\u00a0<i>NRC Handelsblad<\/i>\u00a0in Bonn, Brussel en Washington. Ook was hij adjunct-hoofdredacteur van\u00a0<i>Elsevier<\/i>\u00a0en hoofdredacteur van\u00a0<i>Het Parool<\/i>.<\/p>\n<p>Interviewer Inger Schaap.<\/p>\n<p>20:45 &#8211; 21:00 Pauze<\/p>\n<p>21:00\u00a0 Column van Gijs<\/p>\n<h4>21:10 &#8211; 22:00\u00a0Duitse daders echte daders? Interview met Frits Boterman<\/h4>\n<h4><img loading=\"lazy\" decoding=\"async\" class=\"alignright  wp-image-2100\" alt=\"boterman\" src=\"https:\/\/historischcafe.nl\/wordpress\/wp-content\/uploads\/boterman-201x300.jpg\" width=\"141\" height=\"210\" srcset=\"https:\/\/historischcafe.nl\/wordpress\/wp-content\/uploads\/boterman-201x300.jpg 201w, https:\/\/historischcafe.nl\/wordpress\/wp-content\/uploads\/boterman.jpg 480w\" sizes=\"auto, (max-width: 141px) 100vw, 141px\" \/><\/h4>\n<p><a href=\"http:\/\/www.athenaeum.nl\/shop\/details\/Duitse+daders\/9789029504867\"><img loading=\"lazy\" decoding=\"async\" class=\" wp-image-2098 alignleft\" alt=\"DUITSE DADERS\" src=\"https:\/\/historischcafe.nl\/wordpress\/wp-content\/uploads\/DUITSE-DADERS-188x300.jpg\" width=\"132\" height=\"210\" srcset=\"https:\/\/historischcafe.nl\/wordpress\/wp-content\/uploads\/DUITSE-DADERS-188x300.jpg 188w, https:\/\/historischcafe.nl\/wordpress\/wp-content\/uploads\/DUITSE-DADERS-642x1024.jpg 642w, https:\/\/historischcafe.nl\/wordpress\/wp-content\/uploads\/DUITSE-DADERS.jpg 1590w\" sizes=\"auto, (max-width: 132px) 100vw, 132px\" \/><\/a>In de geschiedschrijving over de Duitse bezetting is de laatste decennia steeds meer aandacht uitgegaan naar de houding van \u201cgewone\u201c Nederlanders ten opzichte van de door de nazi\u2019s begane misdaden. De verklaring voor het onwerkelijk hoge percentage Nederlandse joden dat tijdens de oorlog werd vermoord zou te vinden zijn door te kijken naar de \u201cgrijze\u201c, \u201converschillige\u201c of juist overtuigd met de Duitsers samenwerkende bevolking.<\/p>\n<p>In zijn onlangs verschenen boek <i>Duitse daders. De jodenvervolging en de nazificatie van Nederland<\/i> stelt Frits Boterman de bezettingsautoriteiten opnieuw centraal. Hij legt hierbij de nadruk op de structuur van het Duitse bewind en de manier waarop het Nederland probeerde te exploiteren, nazificeren en te integreren in een nationaal-socialistisch Europa. In tegenstelling tot Frankrijk en Belgi\u00eb kreeg Nederland een civiel bestuur, waarbinnen de SS een grote vinger in de pap had. Door gebrek aan interne (Duitse) en externe (Nederlandse autoriteiten) tegenwerking kon zij betrekkelijk ongehinderd haar misdadige gang gaan.<\/p>\n<p><b>Frits Boterman<\/b> (1948) is emeritus hoogleraar Moderne Duitse Geschiedenis aan de Universiteit van Amsterdam. Hij publiceerde reeds een indrukwekkend aantal boeken binnen dit onderzoeksgebied, waaronder <i>Moderne geschiedenis van Duitsland<\/i> (1996), <i>Duitse dichters en denkers<\/i> (2008) en zijn magnum opus <i>Cultuur als macht<\/i> (2013).<\/p>\n<p>Interviewer Daniel Knegt.<\/p>\n","protected":false},"excerpt":{"rendered":"<p>20:00 &#8211; 20:45 Sytze van der Zee over Fran\u00e7ois van \u2019t Sant Veertig jaar lang was het leven van Fran\u00e7ois van \u2019t Sant verbonden met het Koninklijk Huis. Als kersverse hoofdcommissaris van de politie in Den Haag werd hij de vertrouwensman van koningin Wilhelmina, die de affaires van haar man uit de wereld moest helpen. &hellip; <\/p>\n<p class=\"link-more\"><a href=\"https:\/\/historischcafe.nl\/wordpress\/?page_id=2096\" class=\"more-link\">Continue reading<span class=\"screen-reader-text\"> &#8220;Programma 13 januari 2016&#8221;<\/span><\/a><\/p>\n","protected":false},"author":1,"featured_media":0,"parent":19,"menu_order":0,"comment_status":"open","ping_status":"open","template":"","meta":{"footnotes":""},"class_list":["post-2096","page","type-page","status-publish","hentry","entry"],"_links":{"self":[{"href":"https:\/\/historischcafe.nl\/wordpress\/index.php?rest_route=\/wp\/v2\/pages\/2096","targetHints":{"allow":["GET"]}}],"collection":[{"href":"https:\/\/historischcafe.nl\/wordpress\/index.php?rest_route=\/wp\/v2\/pages"}],"about":[{"href":"https:\/\/historischcafe.nl\/wordpress\/index.php?rest_route=\/wp\/v2\/types\/page"}],"author":[{"embeddable":true,"href":"https:\/\/historischcafe.nl\/wordpress\/index.php?rest_route=\/wp\/v2\/users\/1"}],"replies":[{"embeddable":true,"href":"https:\/\/historischcafe.nl\/wordpress\/index.php?rest_route=%2Fwp%2Fv2%2Fcomments&post=2096"}],"version-history":[{"count":5,"href":"https:\/\/historischcafe.nl\/wordpress\/index.php?rest_route=\/wp\/v2\/pages\/2096\/revisions"}],"predecessor-version":[{"id":2106,"href":"https:\/\/historischcafe.nl\/wordpress\/index.php?rest_route=\/wp\/v2\/pages\/2096\/revisions\/2106"}],"up":[{"embeddable":true,"href":"https:\/\/historischcafe.nl\/wordpress\/index.php?rest_route=\/wp\/v2\/pages\/19"}],"wp:attachment":[{"href":"https:\/\/historischcafe.nl\/wordpress\/index.php?rest_route=%2Fwp%2Fv2%2Fmedia&parent=2096"}],"curies":[{"name":"wp","href":"https:\/\/api.w.org\/{rel}","templated":true}]}}

<h4>20:00 &#8211; 20:45 Sytze van der Zee over François van ’t Sant</h4>
<p><a href="http://www.debezigebij.nl/web/Zojuist-verschenen/Boek/9789023496854_Harer-Majesteits-loyaalste-onderdaan.htm"><img loading="lazy" decoding="async" class=" wp-image-2099 alignleft" alt="sant" src="https://historischcafe.nl/wordpress/wp-content/uploads/sant-188x300.jpg" width="132" height="210" srcset="https://historischcafe.nl/wordpress/wp-content/uploads/sant-188x300.jpg 188w, https://historischcafe.nl/wordpress/wp-content/uploads/sant.jpg 235w" sizes="auto, (max-width: 132px) 100vw, 132px" /></a>Veertig jaar lang was het leven van François van ’t Sant verbonden met het Koninklijk Huis. Als kersverse hoofdcommissaris van de politie in Den Haag werd hij de vertrouwensman van koningin Wilhelmina, die de affaires van haar man uit de wereld moest helpen. Nadat Van ’t Sant als gevolg van een schandaal ontslag moest nemen als hoofdcommissaris, benoemde zij hem tot haar veiligheidsadviseur. <img loading="lazy" decoding="async" class="wp-image-2101 alignright" alt="19893_Zee van der Sytze kl2-© Keke Keukelaar- AEG voor BB en pers tot 30-6-2013" src="https://historischcafe.nl/wordpress/wp-content/uploads/19893_Zee-van-der-Sytze-kl2-©-Keke-Keukelaar-AEG-voor-BB-en-pers-tot-30-6-2013-200x300.jpg" width="140" height="210" srcset="https://historischcafe.nl/wordpress/wp-content/uploads/19893_Zee-van-der-Sytze-kl2-©-Keke-Keukelaar-AEG-voor-BB-en-pers-tot-30-6-2013-200x300.jpg 200w, https://historischcafe.nl/wordpress/wp-content/uploads/19893_Zee-van-der-Sytze-kl2-©-Keke-Keukelaar-AEG-voor-BB-en-pers-tot-30-6-2013-682x1024.jpg 682w, https://historischcafe.nl/wordpress/wp-content/uploads/19893_Zee-van-der-Sytze-kl2-©-Keke-Keukelaar-AEG-voor-BB-en-pers-tot-30-6-2013.jpg 945w" sizes="auto, (max-width: 140px) 100vw, 140px" /></p>
<p>Bij de Duitse inval in 1940 vluchtte hij met Wilhelmina naar Londen, waar hij haar particulier secretaris werd en de leiding kreeg over de Nederlandse geheime dienst. Later werd hij van verraad beschuldigd. Na de oorlog bleef hij teleurgesteld achter in Londen. Hij behield echter het vertrouwen van het hof: in de jaren vijftig adviseerde hij zowel koningin Juliana als prins Bernhard tijdens de geruchtmakende Greet Hofmansaffaire.</p>
<p>François van ’t Sant geldt als een van de meest mysterieuze figuren uit de hedendaagse Nederlandse geschiedenis en hij droeg zelf aan de mythevorming bij door zijn persoonlijke documenten te vernietigen. Sytze van der Zee wist zijn verhaal te reconstrueren en deze controversiële en fascinerende figuur weer tot leven te wekken. En passant ontdekte Van der Zee bewijsstukken voor een couppoging waarbij ook de Soldaat van Oranje betrokken was.</p>
<p><strong>Sytze van der Zee</strong> (1939) werd in Hilversum geboren. Hij publiceerde o.a. het autobiografische <i>Potgieterlaan 7</i> (1997), getiteld naar het adres waar hij als zoon van een NSB’er opgroeide. Zijn boeken hebben veelal moord of oorlog als thematiek. Vóór zijn schrijverscarrière was hij werkzaam als journalist; in 1963 begon hij bij het <i>Nieuw Utrechts Dagblad</i>. Via het <i>Algemeen Handelsblad</i> werd hij correspondent van <i>NRC Handelsblad</i> in Bonn, Brussel en Washington. Ook was hij adjunct-hoofdredacteur van <i>Elsevier</i> en hoofdredacteur van <i>Het Parool</i>.</p>
<p>Interviewer Inger Schaap.</p>
<p>20:45 &#8211; 21:00 Pauze</p>
<p>21:00  Column van Gijs</p>
<h4>21:10 &#8211; 22:00 Duitse daders echte daders? Interview met Frits Boterman</h4>
<h4><img loading="lazy" decoding="async" class="alignright  wp-image-2100" alt="boterman" src="https://historischcafe.nl/wordpress/wp-content/uploads/boterman-201x300.jpg" width="141" height="210" srcset="https://historischcafe.nl/wordpress/wp-content/uploads/boterman-201x300.jpg 201w, https://historischcafe.nl/wordpress/wp-content/uploads/boterman.jpg 480w" sizes="auto, (max-width: 141px) 100vw, 141px" /></h4>
<p><a href="http://www.athenaeum.nl/shop/details/Duitse+daders/9789029504867"><img loading="lazy" decoding="async" class=" wp-image-2098 alignleft" alt="DUITSE DADERS" src="https://historischcafe.nl/wordpress/wp-content/uploads/DUITSE-DADERS-188x300.jpg" width="132" height="210" srcset="https://historischcafe.nl/wordpress/wp-content/uploads/DUITSE-DADERS-188x300.jpg 188w, https://historischcafe.nl/wordpress/wp-content/uploads/DUITSE-DADERS-642x1024.jpg 642w, https://historischcafe.nl/wordpress/wp-content/uploads/DUITSE-DADERS.jpg 1590w" sizes="auto, (max-width: 132px) 100vw, 132px" /></a>In de geschiedschrijving over de Duitse bezetting is de laatste decennia steeds meer aandacht uitgegaan naar de houding van “gewone“ Nederlanders ten opzichte van de door de nazi’s begane misdaden. De verklaring voor het onwerkelijk hoge percentage Nederlandse joden dat tijdens de oorlog werd vermoord zou te vinden zijn door te kijken naar de “grijze“, “onverschillige“ of juist overtuigd met de Duitsers samenwerkende bevolking.</p>
<p>In zijn onlangs verschenen boek <i>Duitse daders. De jodenvervolging en de nazificatie van Nederland</i> stelt Frits Boterman de bezettingsautoriteiten opnieuw centraal. Hij legt hierbij de nadruk op de structuur van het Duitse bewind en de manier waarop het Nederland probeerde te exploiteren, nazificeren en te integreren in een nationaal-socialistisch Europa. In tegenstelling tot Frankrijk en België kreeg Nederland een civiel bestuur, waarbinnen de SS een grote vinger in de pap had. Door gebrek aan interne (Duitse) en externe (Nederlandse autoriteiten) tegenwerking kon zij betrekkelijk ongehinderd haar misdadige gang gaan.</p>
<p><b>Frits Boterman</b> (1948) is emeritus hoogleraar Moderne Duitse Geschiedenis aan de Universiteit van Amsterdam. Hij publiceerde reeds een indrukwekkend aantal boeken binnen dit onderzoeksgebied, waaronder <i>Moderne geschiedenis van Duitsland</i> (1996), <i>Duitse dichters en denkers</i> (2008) en zijn magnum opus <i>Cultuur als macht</i> (2013).</p>
<p>Interviewer Daniel Knegt.</p>

<p>20:00 &#8211; 20:45 Sytze van der Zee over François van ’t Sant Veertig jaar lang was het leven van François van ’t Sant verbonden met het Koninklijk Huis. Als kersverse hoofdcommissaris van de politie in Den Haag werd hij de vertrouwensman van koningin Wilhelmina, die de affaires van haar man uit de wereld moest helpen. &hellip; </p>
<p class="link-more"><a href="https://historischcafe.nl/wordpress/?page_id=2096" class="more-link">Continue reading<span class="screen-reader-text"> &#8220;Programma 13 januari 2016&#8221;</span></a></p>
