{"id":1836,"date":"2015-02-04T22:58:27","date_gmt":"2015-02-04T21:58:27","guid":{"rendered":"http:\/\/historischcafe.nl\/wordpress\/?page_id=1836"},"modified":"2015-06-01T13:24:11","modified_gmt":"2015-06-01T12:24:11","slug":"programma-11-februari-2015","status":"publish","type":"page","link":"https:\/\/historischcafe.nl\/wordpress\/?page_id=1836","title":{"rendered":"Programma 11 februari 2015"},"content":{"rendered":"<h4>Programma Historisch Caf\u00e9\u00a011 februari 2015<\/h4>\n<h5>20.00 uur \u2013 Grensland van Oost en West? Gesprek met Marc Jansen over de geschiedenis van Oekra\u00efne<\/h5>\n<p>Letterlijk betekent Oekra\u00efne &#8220;Grensland&#8221;, wat meteen de vraag op<a href=\"https:\/\/historischcafe.nl\/wordpress\/wp-content\/uploads\/Kozakken-brief-aan-de-sultan.jpg\"><img loading=\"lazy\" decoding=\"async\" class=\"alignright size-medium wp-image-1837\" alt=\"Kozakken brief aan de sultan\" src=\"https:\/\/historischcafe.nl\/wordpress\/wp-content\/uploads\/Kozakken-brief-aan-de-sultan-300x177.jpg\" width=\"300\" height=\"177\" srcset=\"https:\/\/historischcafe.nl\/wordpress\/wp-content\/uploads\/Kozakken-brief-aan-de-sultan-300x177.jpg 300w, https:\/\/historischcafe.nl\/wordpress\/wp-content\/uploads\/Kozakken-brief-aan-de-sultan.jpg 800w\" sizes=\"auto, (max-width: 300px) 100vw, 300px\" \/><\/a>roept wat die grens dan is. Is het de westgrens van het oosten of de oostgrens van het westen. Of dient het hele land als een brede grens te worden beschouwd, een onrustige bufferzone tussen grote rijken en beschavingen die hun centrum elders hebben? Is Oekra\u00efne eigenlijk wel een natie? Of bestaat er, zoals Vladimir Poetin in 2008 al eens beweerde, strikt genomen niet eens een Oekra\u00efense staat? Om deze vragen te beantwoorden moet er veel verder gekeken worden dan de politieke actualiteit van het huidige, de nieuwsmedia beheersende\u00a0conflict. In <em>Grensland: Een Geschiedenis van Oekra\u00efne<\/em> (2014) gaat Marc Jansen uitvoerig in op de lange en dynamische\u00a0geschiedenis van het \u00e9\u00e9n na grootste land van Europa.<\/p>\n<p>Aan de hand van de geschiedenis van de verschillende volkeren die het gebied bewoonden\u00a0&#8211;\u00a0Scythen, Grieken, Gothen, Gazaren, Slaven,\u00a0Vikingen, Kiev-Roes, Krim-Tataren, kozakken, Italianen, Turken, Roethenen, Joden, Polen, Volksduitsers en Russen &#8211; rijst langzaam een beeld op van een land met multi-etnische oorsprong en een geschiedenis vol breuken en omwentelingen. Ook het ontstaan van een Oekra\u00efense identiteit en de dramatische geschiedenis van het land tijdens de twintigste eeuw komen uitvoerig aan bod.<\/p>\n<p style=\"text-align: left;\"><strong>Marc Jansen<\/strong> (1946) doceerde meer dan twintig jaar Russische en Oost-Europese studies aan de Universiteit van Amsterdam. In 1979 promoveerde hij op het communistisch showproces tegen revolutionaire socialisten van 1922. Ook publiceerde hij een biografie van Nikolaj Jezjov, de uitvinder van de Stalinterreur tijdens de jaren dertig. Daarnaast was hij namens de OVSE waarnemer bij verkiezingen in Rusland, Georgi\u00eb, Oekra\u00efene, Kazachstan en Kirgizi\u00eb. Sinds 2011 is Marc Jansen met pensioen en werkzaam als gastdocent aan de UvA.<\/p>\n<p style=\"text-align: left;\"><em>Interviewer: Daniel Knegt<\/em><\/p>\n<h5 style=\"text-align: left;\">20.45\u00a0\u2013 Pauze<\/h5>\n<h5 style=\"text-align: left;\"><a href=\"https:\/\/historischcafe.nl\/wordpress\/wp-content\/uploads\/Armenians_marched_by_Turkish_soldiers_1915.png\"><img loading=\"lazy\" decoding=\"async\" class=\"alignleft size-medium wp-image-1838\" alt=\"Armenians_marched_by_Turkish_soldiers,_1915\" src=\"https:\/\/historischcafe.nl\/wordpress\/wp-content\/uploads\/Armenians_marched_by_Turkish_soldiers_1915-300x191.png\" width=\"300\" height=\"191\" srcset=\"https:\/\/historischcafe.nl\/wordpress\/wp-content\/uploads\/Armenians_marched_by_Turkish_soldiers_1915-300x191.png 300w, https:\/\/historischcafe.nl\/wordpress\/wp-content\/uploads\/Armenians_marched_by_Turkish_soldiers_1915.png 576w\" sizes=\"auto, (max-width: 300px) 100vw, 300px\" \/><\/a>21:00\u00a0\u2013 Honderd jaar na de Armeense genocide &#8211; Gesprek met U\u011fur \u00dcng\u00f6r en Anush Grati<\/h5>\n<p>In 2015 is het honderd jaar geleden dat de Armeense genocide zich voltrok. We spreken met U\u011fur \u00dcng\u00f6r over het proces van genocide, de gevolgen en de erkenning.\u00a0Tevens is te gast Anush Grati, nabestaande van een overlevende van de genocide. Anush zal vertellen over de herinnering aan de genocide binnen de Armeense gemeenschap.\u00a0U\u011fur \u00dcng\u00f6r publiceerde in 2007 het boek <em>Vervolging, Onteigening en Vernietiging: De Deportatie van Ottomaanse Armeni\u00ebrs tijdens de Eerste Wereldoorlog<\/em>.<\/p>\n<p style=\"text-align: left;\" align=\"justify\"><strong>U\u011fur \u00dcmit \u00dcng\u00f6r<\/strong> (1980) promoveerde in 2009 met zijn proefschrift <em>Young Turk Social Engineering: Mass Violence and the Nation State in Eastern Turkey, 1913-1950 <\/em>aan de Universiteit van Amsterdam. Daarna werkte hij aan de University of Sheffield en in aan het Centre for War Studies van het University College Dublin. Momenteel is hij als Universitair hoofddocent verbonden aan de faculteit Geesteswetenschappen van de Universiteit Utrecht en als onderzoeker aan het NIOD. Hij richt zich voornamelijk op de historische sociologie van massaal geweld en nationalisme.<\/p>\n<p style=\"text-align: left;\" align=\"justify\">Engels gesproken<\/p>\n<p style=\"text-align: left;\" align=\"justify\"><em>Gespreksleider: Inger Schaap<\/em><\/p>\n<h5>22.00 uur \u2013 Borrel naar believen in P\u201996<\/h5>\n","protected":false},"excerpt":{"rendered":"<p>Programma Historisch Caf\u00e9\u00a011 februari 2015 20.00 uur \u2013 Grensland van Oost en West? Gesprek met Marc Jansen over de geschiedenis van Oekra\u00efne Letterlijk betekent Oekra\u00efne &#8220;Grensland&#8221;, wat meteen de vraag oproept wat die grens dan is. Is het de westgrens van het oosten of de oostgrens van het westen. Of dient het hele land als &hellip; <\/p>\n<p class=\"link-more\"><a href=\"https:\/\/historischcafe.nl\/wordpress\/?page_id=1836\" class=\"more-link\">Continue reading<span class=\"screen-reader-text\"> &#8220;Programma 11 februari 2015&#8221;<\/span><\/a><\/p>\n","protected":false},"author":1,"featured_media":0,"parent":19,"menu_order":0,"comment_status":"open","ping_status":"open","template":"","meta":{"footnotes":""},"class_list":["post-1836","page","type-page","status-publish","hentry","entry"],"_links":{"self":[{"href":"https:\/\/historischcafe.nl\/wordpress\/index.php?rest_route=\/wp\/v2\/pages\/1836","targetHints":{"allow":["GET"]}}],"collection":[{"href":"https:\/\/historischcafe.nl\/wordpress\/index.php?rest_route=\/wp\/v2\/pages"}],"about":[{"href":"https:\/\/historischcafe.nl\/wordpress\/index.php?rest_route=\/wp\/v2\/types\/page"}],"author":[{"embeddable":true,"href":"https:\/\/historischcafe.nl\/wordpress\/index.php?rest_route=\/wp\/v2\/users\/1"}],"replies":[{"embeddable":true,"href":"https:\/\/historischcafe.nl\/wordpress\/index.php?rest_route=%2Fwp%2Fv2%2Fcomments&post=1836"}],"version-history":[{"count":7,"href":"https:\/\/historischcafe.nl\/wordpress\/index.php?rest_route=\/wp\/v2\/pages\/1836\/revisions"}],"predecessor-version":[{"id":1869,"href":"https:\/\/historischcafe.nl\/wordpress\/index.php?rest_route=\/wp\/v2\/pages\/1836\/revisions\/1869"}],"up":[{"embeddable":true,"href":"https:\/\/historischcafe.nl\/wordpress\/index.php?rest_route=\/wp\/v2\/pages\/19"}],"wp:attachment":[{"href":"https:\/\/historischcafe.nl\/wordpress\/index.php?rest_route=%2Fwp%2Fv2%2Fmedia&parent=1836"}],"curies":[{"name":"wp","href":"https:\/\/api.w.org\/{rel}","templated":true}]}}

<h4>Programma Historisch Café 11 februari 2015</h4>
<h5>20.00 uur – Grensland van Oost en West? Gesprek met Marc Jansen over de geschiedenis van Oekraïne</h5>
<p>Letterlijk betekent Oekraïne &#8220;Grensland&#8221;, wat meteen de vraag op<a href="https://historischcafe.nl/wordpress/wp-content/uploads/Kozakken-brief-aan-de-sultan.jpg"><img loading="lazy" decoding="async" class="alignright size-medium wp-image-1837" alt="Kozakken brief aan de sultan" src="https://historischcafe.nl/wordpress/wp-content/uploads/Kozakken-brief-aan-de-sultan-300x177.jpg" width="300" height="177" srcset="https://historischcafe.nl/wordpress/wp-content/uploads/Kozakken-brief-aan-de-sultan-300x177.jpg 300w, https://historischcafe.nl/wordpress/wp-content/uploads/Kozakken-brief-aan-de-sultan.jpg 800w" sizes="auto, (max-width: 300px) 100vw, 300px" /></a>roept wat die grens dan is. Is het de westgrens van het oosten of de oostgrens van het westen. Of dient het hele land als een brede grens te worden beschouwd, een onrustige bufferzone tussen grote rijken en beschavingen die hun centrum elders hebben? Is Oekraïne eigenlijk wel een natie? Of bestaat er, zoals Vladimir Poetin in 2008 al eens beweerde, strikt genomen niet eens een Oekraïense staat? Om deze vragen te beantwoorden moet er veel verder gekeken worden dan de politieke actualiteit van het huidige, de nieuwsmedia beheersende conflict. In <em>Grensland: Een Geschiedenis van Oekraïne</em> (2014) gaat Marc Jansen uitvoerig in op de lange en dynamische geschiedenis van het één na grootste land van Europa.</p>
<p>Aan de hand van de geschiedenis van de verschillende volkeren die het gebied bewoonden &#8211; Scythen, Grieken, Gothen, Gazaren, Slaven, Vikingen, Kiev-Roes, Krim-Tataren, kozakken, Italianen, Turken, Roethenen, Joden, Polen, Volksduitsers en Russen &#8211; rijst langzaam een beeld op van een land met multi-etnische oorsprong en een geschiedenis vol breuken en omwentelingen. Ook het ontstaan van een Oekraïense identiteit en de dramatische geschiedenis van het land tijdens de twintigste eeuw komen uitvoerig aan bod.</p>
<p style="text-align: left;"><strong>Marc Jansen</strong> (1946) doceerde meer dan twintig jaar Russische en Oost-Europese studies aan de Universiteit van Amsterdam. In 1979 promoveerde hij op het communistisch showproces tegen revolutionaire socialisten van 1922. Ook publiceerde hij een biografie van Nikolaj Jezjov, de uitvinder van de Stalinterreur tijdens de jaren dertig. Daarnaast was hij namens de OVSE waarnemer bij verkiezingen in Rusland, Georgië, Oekraïene, Kazachstan en Kirgizië. Sinds 2011 is Marc Jansen met pensioen en werkzaam als gastdocent aan de UvA.</p>
<p style="text-align: left;"><em>Interviewer: Daniel Knegt</em></p>
<h5 style="text-align: left;">20.45 – Pauze</h5>
<h5 style="text-align: left;"><a href="https://historischcafe.nl/wordpress/wp-content/uploads/Armenians_marched_by_Turkish_soldiers_1915.png"><img loading="lazy" decoding="async" class="alignleft size-medium wp-image-1838" alt="Armenians_marched_by_Turkish_soldiers,_1915" src="https://historischcafe.nl/wordpress/wp-content/uploads/Armenians_marched_by_Turkish_soldiers_1915-300x191.png" width="300" height="191" srcset="https://historischcafe.nl/wordpress/wp-content/uploads/Armenians_marched_by_Turkish_soldiers_1915-300x191.png 300w, https://historischcafe.nl/wordpress/wp-content/uploads/Armenians_marched_by_Turkish_soldiers_1915.png 576w" sizes="auto, (max-width: 300px) 100vw, 300px" /></a>21:00 – Honderd jaar na de Armeense genocide &#8211; Gesprek met Uğur Üngör en Anush Grati</h5>
<p>In 2015 is het honderd jaar geleden dat de Armeense genocide zich voltrok. We spreken met Uğur Üngör over het proces van genocide, de gevolgen en de erkenning. Tevens is te gast Anush Grati, nabestaande van een overlevende van de genocide. Anush zal vertellen over de herinnering aan de genocide binnen de Armeense gemeenschap. Uğur Üngör publiceerde in 2007 het boek <em>Vervolging, Onteigening en Vernietiging: De Deportatie van Ottomaanse Armeniërs tijdens de Eerste Wereldoorlog</em>.</p>
<p style="text-align: left;" align="justify"><strong>Uğur Ümit Üngör</strong> (1980) promoveerde in 2009 met zijn proefschrift <em>Young Turk Social Engineering: Mass Violence and the Nation State in Eastern Turkey, 1913-1950 </em>aan de Universiteit van Amsterdam. Daarna werkte hij aan de University of Sheffield en in aan het Centre for War Studies van het University College Dublin. Momenteel is hij als Universitair hoofddocent verbonden aan de faculteit Geesteswetenschappen van de Universiteit Utrecht en als onderzoeker aan het NIOD. Hij richt zich voornamelijk op de historische sociologie van massaal geweld en nationalisme.</p>
<p style="text-align: left;" align="justify">Engels gesproken</p>
<p style="text-align: left;" align="justify"><em>Gespreksleider: Inger Schaap</em></p>
<h5>22.00 uur – Borrel naar believen in P’96</h5>

<p>Programma Historisch Café 11 februari 2015 20.00 uur – Grensland van Oost en West? Gesprek met Marc Jansen over de geschiedenis van Oekraïne Letterlijk betekent Oekraïne &#8220;Grensland&#8221;, wat meteen de vraag oproept wat die grens dan is. Is het de westgrens van het oosten of de oostgrens van het westen. Of dient het hele land als &hellip; </p>
<p class="link-more"><a href="https://historischcafe.nl/wordpress/?page_id=1836" class="more-link">Continue reading<span class="screen-reader-text"> &#8220;Programma 11 februari 2015&#8221;</span></a></p>
