{"id":1051,"date":"2013-03-31T22:16:28","date_gmt":"2013-03-31T21:16:28","guid":{"rendered":"http:\/\/historischcafe.nl\/wordpress\/?page_id=1051"},"modified":"2013-04-23T13:04:35","modified_gmt":"2013-04-23T12:04:35","slug":"programma-10-april-2013","status":"publish","type":"page","link":"https:\/\/historischcafe.nl\/wordpress\/?page_id=1051","title":{"rendered":"&#8211; Programma 10 april 2013"},"content":{"rendered":"<h4>Programma Historisch Caf\u00e9 10 april 2013<\/h4>\n<p>Zie ook de karikatuur <a href=\"https:\/\/historischcafe.nl\/wordpress\/wp-content\/uploads\/ivoren-wachters-apr13.jpg\" target=\"_blank\">&#8216;Ivoren wachters&#8217;<\/a> van Gijs Sevenhuijsen.<\/p>\n<h5>20.00 uur \u2013 &#8216;Geen woning, geen kroning&#8217; &#8211; Gesprek met Eric Duivenvoorden over het Kroningsoproer van 30 april 1980<a href=\"https:\/\/historischcafe.nl\/wordpress\/?attachment_id=1055\" rel=\"attachment wp-att-1055\"><img loading=\"lazy\" decoding=\"async\" class=\"alignright size-medium wp-image-1055\" title=\"Geen woning geen kroning\" src=\"https:\/\/historischcafe.nl\/wordpress\/wp-content\/uploads\/Geen-woning-geen-kroning-199x300.jpg\" alt=\"\" width=\"199\" height=\"300\" srcset=\"https:\/\/historischcafe.nl\/wordpress\/wp-content\/uploads\/Geen-woning-geen-kroning-199x300.jpg 199w, https:\/\/historischcafe.nl\/wordpress\/wp-content\/uploads\/Geen-woning-geen-kroning-682x1024.jpg 682w, https:\/\/historischcafe.nl\/wordpress\/wp-content\/uploads\/Geen-woning-geen-kroning.jpg 1024w\" sizes=\"auto, (max-width: 199px) 100vw, 199px\" \/><\/a><\/h5>\n<p>Het Kroningsoproer van 30 april 1980 is de geschiedenis ingegaan als een van de grootste ordeverstoringen in Nederland gedurende vredestijd. Terwijl in de Nieuwe Kerk koningin Beatrix werd ingehuldigd, leverden krakers en autonomen in de straten van Amsterdam strijd met een kleine tienduizend politieagenten, leden van de Mobiele Eenheid en marechaussees. Onder de leus \u2018Geen woning, geen kroning\u2019 protesteerde de kraakbeweging tegen de heersende woningnood. Terwijl honderden demonstranten en sensatiezoekers optrokken naar de Nieuwe Kerk om de kroning te verstoren, werden in andere delen van de stad panden gekraakt en sabotageacties uitgevoerd. De ME reageerde ongemeen fel door op demonstranten in te rijden en op grote schaal traan- en braakgas in te zetten. Honderden mensen moesten worden opgenomen in het ziekenhuis; de materi\u00eble schade liep in de miljoenen guldens. De rellen waren voor de kraakbeweging aanleiding tot verdere radicalisering.<\/p>\n<p>Filosoof, socioloog en kenner van de kraakbeweging <strong>Eric Duivenvoorden<\/strong> publiceerde in 2005 met <em>Het Kroningsoproer <\/em>een nauwkeurige reconstructie van de gebeurtenissen op 30 april 1980. Als eerste kreeg hij toegang tot politiearchieven en sprak hij met actievoerders en bewindvoerders over die beruchte dag, volgens Duivenvoorden een \u2018historisch keerpunt\u2019. Het ziet er niet naar uit dat de soep tijdens de kroning van Willem-Alexander opnieuw zo heet wordt gegeten. Wat ging er op 30 april 1980 mis in Amsterdam, en belangrijker, wat is er sindsdien veranderd in Nederland?<\/p>\n<p><em>Interviewer: Tim Verlaan<\/em><\/p>\n<h5>20.45 \u2013 pauze<\/h5>\n<h5><a href=\"https:\/\/historischcafe.nl\/wordpress\/?attachment_id=1062\" rel=\"attachment wp-att-1062\"><img loading=\"lazy\" decoding=\"async\" class=\"alignleft size-medium wp-image-1062\" title=\"Napoleon te paard\" src=\"https:\/\/historischcafe.nl\/wordpress\/wp-content\/uploads\/Napoleon-te-paard-255x300.jpg\" alt=\"\" width=\"255\" height=\"300\" srcset=\"https:\/\/historischcafe.nl\/wordpress\/wp-content\/uploads\/Napoleon-te-paard-255x300.jpg 255w, https:\/\/historischcafe.nl\/wordpress\/wp-content\/uploads\/Napoleon-te-paard-873x1024.jpg 873w, https:\/\/historischcafe.nl\/wordpress\/wp-content\/uploads\/Napoleon-te-paard.jpg 1169w\" sizes=\"auto, (max-width: 255px) 100vw, 255px\" \/><\/a>21.00 uur \u2013 Grote Mannen maken de geschiedenis? Discussie over de terugkeer van de historische biografie met Hans Renders en Dik van der Meulen<\/h5>\n<p>Nog niet zo heel lang geleden haalden de meeste Nederlandse historici hun neus op voor biografie\u00ebn.\u00a0Een exclusieve ori\u00ebntatie op het leven van \u00e9\u00e9n individu zou\u00a0het zicht maar belemmeren op onderliggende sociaal-economische structuren. Daarnaast kregen biografen vaak het verwijt dat ze bijdroegen tot ouderwetse persoonsverheerlijking, waarbij de geschiedenis werd voorgesteld als het resultaat van de scheppingskracht van enkele Grote Mannen. De laatste jaren is de historische biografie aan een opvallende opmars bezig. Vooraanstaande historici als H.L. Wesseling, Els Kloek en Jan Willem Stutje publiceerden recentelijk biografische werken die een groot publiek bereikten, terwijl ook onder vakgenoten de weerstand tegen biografie\u00ebn lijkt te zijn afgenomen. Is hiermee de biografische methode terug in de Nederlandse geschiedwetenschap, of betreft het slechts een modeverschijnsel dat vooral interessant is voor leken? Wat zijn de kenmerken van een goede biografie, en hoe kan een biograaf de valkuil van persoonsverheerlijking ontlopen?<\/p>\n<p><strong>Hans Renders<\/strong> is hoogleraar Geschiedenis en Theorie van de Biografie\u00a0aan de Rijksuniversiteit\u00a0Groningen en directeur van het aan dezelfde universiteit gevestigde Biografie Instituut. Hij publiceerde biografie\u00ebn van Jan Hanlo en Jan Campers, alsmede het boek <em>De Zeven Hoofdzonden van de Biografie<\/em>. <strong>Dik van der Meulen<\/strong> is neerlandicus en biograaf. In 2003 won hij de AKO Literatuurprijs voor zijn biografie van Eduard Douwes Dekker. Dit jaar verschijnt, in het kader van de viering van het 200-jarig bestaan van het Koninkrijk der Nederlanden,\u00a0zijn biografie van koning Willem III.<\/p>\n<p><em>Gespreksleider: Daniel Knegt<\/em><\/p>\n<h5>22.00 uur \u2013 Borrel naar believen in P\u201996<\/h5>\n","protected":false},"excerpt":{"rendered":"<p>Programma Historisch Caf\u00e9 10 april 2013 Zie ook de karikatuur &#8216;Ivoren wachters&#8217; van Gijs Sevenhuijsen. 20.00 uur \u2013 &#8216;Geen woning, geen kroning&#8217; &#8211; Gesprek met Eric Duivenvoorden over het Kroningsoproer van 30 april 1980 Het Kroningsoproer van 30 april 1980 is de geschiedenis ingegaan als een van de grootste ordeverstoringen in Nederland gedurende vredestijd. Terwijl &hellip; <\/p>\n<p class=\"link-more\"><a href=\"https:\/\/historischcafe.nl\/wordpress\/?page_id=1051\" class=\"more-link\">Continue reading<span class=\"screen-reader-text\"> &#8220;&#8211; Programma 10 april 2013&#8221;<\/span><\/a><\/p>\n","protected":false},"author":1,"featured_media":0,"parent":19,"menu_order":0,"comment_status":"open","ping_status":"open","template":"","meta":{"footnotes":""},"class_list":["post-1051","page","type-page","status-publish","hentry","entry"],"_links":{"self":[{"href":"https:\/\/historischcafe.nl\/wordpress\/index.php?rest_route=\/wp\/v2\/pages\/1051","targetHints":{"allow":["GET"]}}],"collection":[{"href":"https:\/\/historischcafe.nl\/wordpress\/index.php?rest_route=\/wp\/v2\/pages"}],"about":[{"href":"https:\/\/historischcafe.nl\/wordpress\/index.php?rest_route=\/wp\/v2\/types\/page"}],"author":[{"embeddable":true,"href":"https:\/\/historischcafe.nl\/wordpress\/index.php?rest_route=\/wp\/v2\/users\/1"}],"replies":[{"embeddable":true,"href":"https:\/\/historischcafe.nl\/wordpress\/index.php?rest_route=%2Fwp%2Fv2%2Fcomments&post=1051"}],"version-history":[{"count":18,"href":"https:\/\/historischcafe.nl\/wordpress\/index.php?rest_route=\/wp\/v2\/pages\/1051\/revisions"}],"predecessor-version":[{"id":1530,"href":"https:\/\/historischcafe.nl\/wordpress\/index.php?rest_route=\/wp\/v2\/pages\/1051\/revisions\/1530"}],"up":[{"embeddable":true,"href":"https:\/\/historischcafe.nl\/wordpress\/index.php?rest_route=\/wp\/v2\/pages\/19"}],"wp:attachment":[{"href":"https:\/\/historischcafe.nl\/wordpress\/index.php?rest_route=%2Fwp%2Fv2%2Fmedia&parent=1051"}],"curies":[{"name":"wp","href":"https:\/\/api.w.org\/{rel}","templated":true}]}}

<h4>Programma Historisch Café 10 april 2013</h4>
<p>Zie ook de karikatuur <a href="https://historischcafe.nl/wordpress/wp-content/uploads/ivoren-wachters-apr13.jpg" target="_blank">&#8216;Ivoren wachters&#8217;</a> van Gijs Sevenhuijsen.</p>
<h5>20.00 uur – &#8216;Geen woning, geen kroning&#8217; &#8211; Gesprek met Eric Duivenvoorden over het Kroningsoproer van 30 april 1980<a href="https://historischcafe.nl/wordpress/?attachment_id=1055" rel="attachment wp-att-1055"><img loading="lazy" decoding="async" class="alignright size-medium wp-image-1055" title="Geen woning geen kroning" src="https://historischcafe.nl/wordpress/wp-content/uploads/Geen-woning-geen-kroning-199x300.jpg" alt="" width="199" height="300" srcset="https://historischcafe.nl/wordpress/wp-content/uploads/Geen-woning-geen-kroning-199x300.jpg 199w, https://historischcafe.nl/wordpress/wp-content/uploads/Geen-woning-geen-kroning-682x1024.jpg 682w, https://historischcafe.nl/wordpress/wp-content/uploads/Geen-woning-geen-kroning.jpg 1024w" sizes="auto, (max-width: 199px) 100vw, 199px" /></a></h5>
<p>Het Kroningsoproer van 30 april 1980 is de geschiedenis ingegaan als een van de grootste ordeverstoringen in Nederland gedurende vredestijd. Terwijl in de Nieuwe Kerk koningin Beatrix werd ingehuldigd, leverden krakers en autonomen in de straten van Amsterdam strijd met een kleine tienduizend politieagenten, leden van de Mobiele Eenheid en marechaussees. Onder de leus ‘Geen woning, geen kroning’ protesteerde de kraakbeweging tegen de heersende woningnood. Terwijl honderden demonstranten en sensatiezoekers optrokken naar de Nieuwe Kerk om de kroning te verstoren, werden in andere delen van de stad panden gekraakt en sabotageacties uitgevoerd. De ME reageerde ongemeen fel door op demonstranten in te rijden en op grote schaal traan- en braakgas in te zetten. Honderden mensen moesten worden opgenomen in het ziekenhuis; de materiële schade liep in de miljoenen guldens. De rellen waren voor de kraakbeweging aanleiding tot verdere radicalisering.</p>
<p>Filosoof, socioloog en kenner van de kraakbeweging <strong>Eric Duivenvoorden</strong> publiceerde in 2005 met <em>Het Kroningsoproer </em>een nauwkeurige reconstructie van de gebeurtenissen op 30 april 1980. Als eerste kreeg hij toegang tot politiearchieven en sprak hij met actievoerders en bewindvoerders over die beruchte dag, volgens Duivenvoorden een ‘historisch keerpunt’. Het ziet er niet naar uit dat de soep tijdens de kroning van Willem-Alexander opnieuw zo heet wordt gegeten. Wat ging er op 30 april 1980 mis in Amsterdam, en belangrijker, wat is er sindsdien veranderd in Nederland?</p>
<p><em>Interviewer: Tim Verlaan</em></p>
<h5>20.45 – pauze</h5>
<h5><a href="https://historischcafe.nl/wordpress/?attachment_id=1062" rel="attachment wp-att-1062"><img loading="lazy" decoding="async" class="alignleft size-medium wp-image-1062" title="Napoleon te paard" src="https://historischcafe.nl/wordpress/wp-content/uploads/Napoleon-te-paard-255x300.jpg" alt="" width="255" height="300" srcset="https://historischcafe.nl/wordpress/wp-content/uploads/Napoleon-te-paard-255x300.jpg 255w, https://historischcafe.nl/wordpress/wp-content/uploads/Napoleon-te-paard-873x1024.jpg 873w, https://historischcafe.nl/wordpress/wp-content/uploads/Napoleon-te-paard.jpg 1169w" sizes="auto, (max-width: 255px) 100vw, 255px" /></a>21.00 uur – Grote Mannen maken de geschiedenis? Discussie over de terugkeer van de historische biografie met Hans Renders en Dik van der Meulen</h5>
<p>Nog niet zo heel lang geleden haalden de meeste Nederlandse historici hun neus op voor biografieën. Een exclusieve oriëntatie op het leven van één individu zou het zicht maar belemmeren op onderliggende sociaal-economische structuren. Daarnaast kregen biografen vaak het verwijt dat ze bijdroegen tot ouderwetse persoonsverheerlijking, waarbij de geschiedenis werd voorgesteld als het resultaat van de scheppingskracht van enkele Grote Mannen. De laatste jaren is de historische biografie aan een opvallende opmars bezig. Vooraanstaande historici als H.L. Wesseling, Els Kloek en Jan Willem Stutje publiceerden recentelijk biografische werken die een groot publiek bereikten, terwijl ook onder vakgenoten de weerstand tegen biografieën lijkt te zijn afgenomen. Is hiermee de biografische methode terug in de Nederlandse geschiedwetenschap, of betreft het slechts een modeverschijnsel dat vooral interessant is voor leken? Wat zijn de kenmerken van een goede biografie, en hoe kan een biograaf de valkuil van persoonsverheerlijking ontlopen?</p>
<p><strong>Hans Renders</strong> is hoogleraar Geschiedenis en Theorie van de Biografie aan de Rijksuniversiteit Groningen en directeur van het aan dezelfde universiteit gevestigde Biografie Instituut. Hij publiceerde biografieën van Jan Hanlo en Jan Campers, alsmede het boek <em>De Zeven Hoofdzonden van de Biografie</em>. <strong>Dik van der Meulen</strong> is neerlandicus en biograaf. In 2003 won hij de AKO Literatuurprijs voor zijn biografie van Eduard Douwes Dekker. Dit jaar verschijnt, in het kader van de viering van het 200-jarig bestaan van het Koninkrijk der Nederlanden, zijn biografie van koning Willem III.</p>
<p><em>Gespreksleider: Daniel Knegt</em></p>
<h5>22.00 uur – Borrel naar believen in P’96</h5>

<p>Programma Historisch Café 10 april 2013 Zie ook de karikatuur &#8216;Ivoren wachters&#8217; van Gijs Sevenhuijsen. 20.00 uur – &#8216;Geen woning, geen kroning&#8217; &#8211; Gesprek met Eric Duivenvoorden over het Kroningsoproer van 30 april 1980 Het Kroningsoproer van 30 april 1980 is de geschiedenis ingegaan als een van de grootste ordeverstoringen in Nederland gedurende vredestijd. Terwijl &hellip; </p>
<p class="link-more"><a href="https://historischcafe.nl/wordpress/?page_id=1051" class="more-link">Continue reading<span class="screen-reader-text"> &#8220;&#8211; Programma 10 april 2013&#8221;</span></a></p>
